{"id":1227,"date":"2012-11-26T10:27:23","date_gmt":"2012-11-26T10:27:23","guid":{"rendered":"http:\/\/people.unica.it\/provacds2\/?page_id=1227"},"modified":"2015-09-21T17:41:57","modified_gmt":"2015-09-21T17:41:57","slug":"commissione-per-pratiche-di-passaggio-e-abbreviazioni","status":"publish","type":"page","link":"https:\/\/people.unica.it\/beniculturali\/chi-siamo\/commissioni\/commissione-per-pratiche-di-passaggio-e-abbreviazioni\/","title":{"rendered":"Commissione per i piani di studio"},"content":{"rendered":"<p>La Commissione per i piani di studi esamina i piani di studio degli studenti per verificarne la congruenza con l\u2019Ordinamento e il Regolamento del CdL; esaminare le richieste di passaggi da altri corsi di laurea al CdL, le richieste di abbreviazione e di prosecuzione degli studi nonch\u00e9 quelle di transito al nuovo Ordinamento.<\/p>\n<p><strong>La commissione \u00e8 cos\u00ec composta:<\/strong><\/p>\n<p class=\"first-para\">Proff.ri L. Leurini (Presidente), B. Fadda, R. Cicilloni, D. Bruni, A. Pala.<\/p>\n<p>Studente: Alice Pisano.<\/p>","protected":false},"excerpt":{"rendered":"<p>La Commissione per i piani di studi esamina i piani di studio degli studenti per verificarne la congruenza con l\u2019Ordinamento e il Regolamento del CdL; esaminare le richieste di passaggi da altri corsi di laurea al CdL, le richieste di abbreviazione e di prosecuzione degli studi nonch\u00e9 quelle di transito al nuovo Ordinamento. La commissione \u00e8 cos\u00ec composta: Proff.ri L. Leurini (Presidente), B. Fadda, R. Cicilloni, D. Bruni, A. Pala. Studente: Alice Pisano.<\/p>\n","protected":false},"author":643,"featured_media":0,"parent":14,"menu_order":0,"comment_status":"closed","ping_status":"closed","template":"","meta":{"footnotes":""},"class_list":["post-1227","page","type-page","status-publish","hentry","post-seq-1","post-parity-odd","meta-position-corners","fix"],"_links":{"self":[{"href":"https:\/\/people.unica.it\/beniculturali\/wp-json\/wp\/v2\/pages\/1227","targetHints":{"allow":["GET"]}}],"collection":[{"href":"https:\/\/people.unica.it\/beniculturali\/wp-json\/wp\/v2\/pages"}],"about":[{"href":"https:\/\/people.unica.it\/beniculturali\/wp-json\/wp\/v2\/types\/page"}],"author":[{"embeddable":true,"href":"https:\/\/people.unica.it\/beniculturali\/wp-json\/wp\/v2\/users\/643"}],"replies":[{"embeddable":true,"href":"https:\/\/people.unica.it\/beniculturali\/wp-json\/wp\/v2\/comments?post=1227"}],"version-history":[{"count":9,"href":"https:\/\/people.unica.it\/beniculturali\/wp-json\/wp\/v2\/pages\/1227\/revisions"}],"predecessor-version":[{"id":2783,"href":"https:\/\/people.unica.it\/beniculturali\/wp-json\/wp\/v2\/pages\/1227\/revisions\/2783"}],"up":[{"embeddable":true,"href":"https:\/\/people.unica.it\/beniculturali\/wp-json\/wp\/v2\/pages\/14"}],"wp:attachment":[{"href":"https:\/\/people.unica.it\/beniculturali\/wp-json\/wp\/v2\/media?parent=1227"}],"curies":[{"name":"wp","href":"https:\/\/api.w.org\/{rel}","templated":true}]}}

<p>La Commissione per i piani di studi esamina i piani di studio degli studenti per verificarne la congruenza con l’Ordinamento e il Regolamento del CdL; esaminare le richieste di passaggi da altri corsi di laurea al CdL, le richieste di abbreviazione e di prosecuzione degli studi nonché quelle di transito al nuovo Ordinamento.</p>
<p><strong>La commissione è così composta:</strong></p>
<p class="first-para">Proff.ri L. Leurini (Presidente), B. Fadda, R. Cicilloni, D. Bruni, A. Pala.</p>
<p>Studente: Alice Pisano.</p>

<p>La Commissione per i piani di studi esamina i piani di studio degli studenti per verificarne la congruenza con l’Ordinamento e il Regolamento del CdL; esaminare le richieste di passaggi da altri corsi di laurea al CdL, le richieste di abbreviazione e di prosecuzione degli studi nonché quelle di transito al nuovo Ordinamento. La commissione è così composta: Proff.ri L. Leurini (Presidente), B. Fadda, R. Cicilloni, D. Bruni, A. Pala. Studente: Alice Pisano.</p>
