{"id":16,"date":"2017-04-07T18:26:47","date_gmt":"2017-04-07T16:26:47","guid":{"rendered":"http:\/\/people.unica.it\/aulasabiertas\/?page_id=16"},"modified":"2023-03-01T19:50:43","modified_gmt":"2023-03-01T18:50:43","slug":"foto","status":"publish","type":"page","link":"https:\/\/people.unica.it\/aulasabiertas\/foto\/","title":{"rendered":"Comitato scientifico e redazione"},"content":{"rendered":"<p style=\"text-align: right\"><span style=\"color: #0000ff\"><a href=\"http:\/\/people.unica.it\/aulasabiertas\/files\/2019\/10\/logo.png\"><img decoding=\"async\" class=\"alignleft wp-image-306\" src=\"http:\/\/people.unica.it\/aulasabiertas\/files\/2019\/10\/logo.png\" alt=\"logo Aulas Abiertas\" width=\"294\" height=\"323\" \/><\/a><span style=\"font-family: georgia, palatino, serif;font-size: 12pt\"><span style=\"color: #000000\">Coordina: <\/span><span style=\"color: #0000ff\"><a style=\"color: #0000ff\" href=\"https:\/\/www.unica.it\/unica\/it\/ateneo_s07_ss01_sss01.page?contentId=SHD30970\">Maria Cristina Secci<\/a><\/span><\/span><\/span><span style=\"font-family: georgia, palatino, serif;font-size: 12pt\">, Universit\u00e0 degli Studi\u00a0di Cagliari, Italia<\/span><\/p>\n<p>&nbsp;<\/p>\n<p style=\"text-align: right\"><span style=\"font-family: georgia, palatino, serif;font-size: 12pt\"><span style=\"color: #0000ff\">Josefina Alc\u00e1zar<\/span>, Centro Nacional de Investigaci\u00f3n, Documentaci\u00f3n e Informaci\u00f3n Teatral l &#8220;Rodolfo Usigli&#8221; CITRU-INBA, Messico<\/span><\/p>\n<p style=\"text-align: right\"><span style=\"font-family: georgia, palatino, serif;font-size: 12pt\"><span style=\"color: #0000ff\">Riccardo Badini<\/span>, Universit\u00e0 degli Studi\u00a0di Cagliari, Italia<\/span><\/p>\n<p style=\"text-align: right\"><span style=\"font-family: georgia, palatino, serif;font-size: 12pt\"><span style=\"color: #0000ff\">Roger Bartra<\/span>, Instituto de Investigaciones Sociales,<\/span><span style=\"font-family: georgia, palatino, serif;font-size: 12pt\">\u00a0<span style=\"color: #000000\">Universidad Nacional Aut\u00f3noma de M\u00e9xico, Messico<\/span><\/span><\/p>\n<p style=\"text-align: right\"><span style=\"font-family: georgia, palatino, serif;font-size: 12pt\"><span style=\"color: #0000ff\">Hayd\u00e9e Berm\u00fadez Guevara<\/span>, Universit\u00e0 degli Studi di Cagliari, Italia<\/span><\/p>\n<p style=\"text-align: right\"><span style=\"font-family: georgia, palatino, serif;font-size: 12pt\"><span style=\"color: #0000ff\">Mayer\u00edn Bello Vald\u00e9s<\/span>, Universidad de La Habana, Cuba<\/span><\/p>\n<p style=\"text-align: right\"><span style=\"font-family: georgia, palatino, serif;font-size: 12pt\"><span style=\"color: #0000ff\">Chiara Bolognese<\/span>, Sapienza Universit\u00e0 di Roma, Italia<\/span><\/p>\n<p style=\"text-align: right\"><span style=\"font-family: georgia, palatino, serif;font-size: 12pt\"><span style=\"color: #0000ff\">Zaida Capote Cruz<\/span>, Instituto de Literatura y Linguistica, Cuba<\/span><\/p>\n<p style=\"text-align: right\"><span style=\"font-family: georgia, palatino, serif;font-size: 12pt\"><span style=\"color: #0000ff\">Mariana Fern\u00e1ndez Campos<\/span>, Universidad de La Habana, Cuba<\/span><\/p>\n<p style=\"text-align: right\"><span style=\"font-family: georgia, palatino, serif;font-size: 12pt\"><span style=\"color: #0000ff\">Gianni Fresu<\/span>, Universidade Federal de Uberl\u00e2ndia, Brasile<\/span><\/p>\n<p style=\"text-align: right\"><span style=\"font-family: georgia, palatino, serif;font-size: 12pt\"><span style=\"color: #0000ff\">Jorge G. Fornet<\/span>, Centro de Investigaciones Literarias, la Casa de las Americas, Cuba<\/span><\/p>\n<p style=\"text-align: right\"><span style=\"font-family: georgia, palatino, serif;font-size: 12pt\"><span style=\"color: #0000ff\"><span style=\"color: #0000ff\">Giovanni<\/span> Gentile Marchetti<\/span>, Universit\u00e0 di Bologna, Italia<\/span><\/p>\n<p style=\"text-align: right\"><span style=\"font-family: georgia, palatino, serif;font-size: 12pt\"><span style=\"color: #0000ff\">Sandra Lorenzano<\/span>, Red de Investigaci\u00f3n sobre Literatura y Derechos Humanos, Messico<\/span><\/p>\n<p style=\"text-align: right\"><span style=\"font-family: georgia, palatino, serif;font-size: 12pt\"><span style=\"color: #0000ff\"><span style=\"color: #0000ff\">Eduardo<\/span> Ramos-Izquierdo<\/span>, Universit\u00e9 Paris-Sorbonne, Francia<\/span><\/p>\n<p style=\"text-align: right\"><span style=\"font-family: georgia, palatino, serif;font-size: 12pt\"><span style=\"color: #0000ff\">Stefano Tedeschi<\/span>, Sapienza Universit\u00e0 di Roma, Italia<\/span><\/p>\n<p>&nbsp;<\/p>\n<p style=\"text-align: right\"><span style=\"font-family: georgia, palatino, serif;font-size: 12pt\">Grafica: <span style=\"color: #0000ff\">Elena Constantin<\/span>, Universit\u00e0 degli Studi\u00a0di Cagliari, Italia<\/span><\/p>\n<p>&nbsp;<\/p>\n<p>&nbsp;<\/p>\n<p>&nbsp;<\/p>\n","protected":false},"excerpt":{"rendered":"<p>Coordina: Maria Cristina Secci, Universit\u00e0 degli Studi\u00a0di Cagliari, Italia &nbsp; Josefina Alc\u00e1zar, Centro Nacional de Investigaci\u00f3n, Documentaci\u00f3n e Informaci\u00f3n Teatral l &#8220;Rodolfo Usigli&#8221; CITRU-INBA, Messico Riccardo Badini, Universit\u00e0 degli Studi\u00a0di Cagliari, Italia Roger Bartra, Instituto de Investigaciones Sociales,\u00a0Universidad Nacional Aut\u00f3noma de M\u00e9xico, Messico Hayd\u00e9e Berm\u00fadez Guevara, Universit\u00e0 degli Studi di Cagliari, Italia Mayer\u00edn Bello Vald\u00e9s, Universidad de La Habana, Cuba Chiara Bolognese, Sapienza Universit\u00e0 di Roma, Italia Zaida Capote Cruz, Instituto de Literatura y Linguistica, Cuba Mariana Fern\u00e1ndez Campos, Universidad de La Habana, Cuba Gianni Fresu, Universidade Federal de Uberl\u00e2ndia, Brasile Jorge G. Fornet, Centro de Investigaciones Literarias, la Casa <a href='https:\/\/people.unica.it\/aulasabiertas\/foto\/' class='excerpt-more'>[&#8230;]<\/a><\/p>\n","protected":false},"author":643,"featured_media":0,"parent":0,"menu_order":0,"comment_status":"closed","ping_status":"closed","template":"","meta":{"footnotes":""},"class_list":["post-16","page","type-page","status-publish","hentry","post-seq-1","post-parity-odd","meta-position-corners","fix"],"_links":{"self":[{"href":"https:\/\/people.unica.it\/aulasabiertas\/wp-json\/wp\/v2\/pages\/16","targetHints":{"allow":["GET"]}}],"collection":[{"href":"https:\/\/people.unica.it\/aulasabiertas\/wp-json\/wp\/v2\/pages"}],"about":[{"href":"https:\/\/people.unica.it\/aulasabiertas\/wp-json\/wp\/v2\/types\/page"}],"author":[{"embeddable":true,"href":"https:\/\/people.unica.it\/aulasabiertas\/wp-json\/wp\/v2\/users\/643"}],"replies":[{"embeddable":true,"href":"https:\/\/people.unica.it\/aulasabiertas\/wp-json\/wp\/v2\/comments?post=16"}],"version-history":[{"count":25,"href":"https:\/\/people.unica.it\/aulasabiertas\/wp-json\/wp\/v2\/pages\/16\/revisions"}],"predecessor-version":[{"id":355,"href":"https:\/\/people.unica.it\/aulasabiertas\/wp-json\/wp\/v2\/pages\/16\/revisions\/355"}],"wp:attachment":[{"href":"https:\/\/people.unica.it\/aulasabiertas\/wp-json\/wp\/v2\/media?parent=16"}],"curies":[{"name":"wp","href":"https:\/\/api.w.org\/{rel}","templated":true}]}}