{"id":11,"date":"2017-04-07T18:25:39","date_gmt":"2017-04-07T16:25:39","guid":{"rendered":"http:\/\/people.unica.it\/aulasabiertas\/?page_id=11"},"modified":"2017-05-23T05:52:43","modified_gmt":"2017-05-23T03:52:43","slug":"relazioni-internazionali","status":"publish","type":"page","link":"https:\/\/people.unica.it\/aulasabiertas\/relazioni-internazionali\/","title":{"rendered":"Relazioni Internazionali"},"content":{"rendered":"<p><a href=\"http:\/\/www.uh.cu\/\">Universidad de La Habana<\/a>, Cuba<\/p>\n<p><a href=\"http:\/\/www.casa.co.cu\/\">Casa de las Am\u00e9ricas<\/a>, Cuba<\/p>\n<p><a href=\"http:\/\/www.ill.cu\/\">Instituto de Literatura y Ling\u00fc\u00edstica &#8220;Jos\u00e9 Antonio Portuondo Valdor&#8221;<\/a>, Cuba<\/p>\n<p><a href=\"https:\/\/www.unam.mx\/\">Universidad Nacional Aut\u00f3noma de M\u00e9xico<\/a><\/p>\n<p><a href=\"http:\/\/sites.unica.it\/gramscilab\/\">GramsciLab \u2013 laboratorio di studi internazionali gramsciani<\/a><\/p>\n","protected":false},"excerpt":{"rendered":"<p>Universidad de La Habana, Cuba Casa de las Am\u00e9ricas, Cuba Instituto de Literatura y Ling\u00fc\u00edstica &#8220;Jos\u00e9 Antonio Portuondo Valdor&#8221;, Cuba Universidad Nacional Aut\u00f3noma de M\u00e9xico GramsciLab \u2013 laboratorio di studi internazionali gramsciani<\/p>\n","protected":false},"author":643,"featured_media":0,"parent":0,"menu_order":0,"comment_status":"closed","ping_status":"closed","template":"","meta":{"footnotes":""},"class_list":["post-11","page","type-page","status-publish","hentry","post-seq-1","post-parity-odd","meta-position-corners","fix"],"_links":{"self":[{"href":"https:\/\/people.unica.it\/aulasabiertas\/wp-json\/wp\/v2\/pages\/11","targetHints":{"allow":["GET"]}}],"collection":[{"href":"https:\/\/people.unica.it\/aulasabiertas\/wp-json\/wp\/v2\/pages"}],"about":[{"href":"https:\/\/people.unica.it\/aulasabiertas\/wp-json\/wp\/v2\/types\/page"}],"author":[{"embeddable":true,"href":"https:\/\/people.unica.it\/aulasabiertas\/wp-json\/wp\/v2\/users\/643"}],"replies":[{"embeddable":true,"href":"https:\/\/people.unica.it\/aulasabiertas\/wp-json\/wp\/v2\/comments?post=11"}],"version-history":[{"count":6,"href":"https:\/\/people.unica.it\/aulasabiertas\/wp-json\/wp\/v2\/pages\/11\/revisions"}],"predecessor-version":[{"id":102,"href":"https:\/\/people.unica.it\/aulasabiertas\/wp-json\/wp\/v2\/pages\/11\/revisions\/102"}],"wp:attachment":[{"href":"https:\/\/people.unica.it\/aulasabiertas\/wp-json\/wp\/v2\/media?parent=11"}],"curies":[{"name":"wp","href":"https:\/\/api.w.org\/{rel}","templated":true}]}}