{"id":10,"date":"2017-04-07T19:07:29","date_gmt":"2017-04-07T17:07:29","guid":{"rendered":"http:\/\/people.unica.it\/aulasabiertas\/?page_id=10"},"modified":"2017-07-09T07:21:26","modified_gmt":"2017-07-09T05:21:26","slug":"il-seminario","status":"publish","type":"page","link":"https:\/\/people.unica.it\/aulasabiertas\/","title":{"rendered":"Il seminario"},"content":{"rendered":"<p style=\"text-align: justify\"><span style=\"font-family: georgia,palatino,serif;font-size: 12pt\"><strong><span style=\"color: #0000ff\"><a href=\"http:\/\/people.unica.it\/aulasabiertas\/il-seminario\/4313_0_878566848-k1qd-u43180371083793cdc-1224x916corriere-web-sezioni-593x443\/\" rel=\"attachment wp-att-92\"><img decoding=\"async\" class=\"alignleft wp-image-92 \" src=\"http:\/\/people.unica.it\/aulasabiertas\/files\/2017\/04\/4313_0_878566848-k1qD-U43180371083793CdC-1224x916@Corriere-Web-Sezioni-593x443.jpg\" alt=\"\" width=\"151\" height=\"113\" srcset=\"https:\/\/people.unica.it\/aulasabiertas\/files\/2017\/04\/4313_0_878566848-k1qD-U43180371083793CdC-1224x916@Corriere-Web-Sezioni-593x443.jpg 1224w, https:\/\/people.unica.it\/aulasabiertas\/files\/2017\/04\/4313_0_878566848-k1qD-U43180371083793CdC-1224x916@Corriere-Web-Sezioni-593x443-300x224.jpg 300w, https:\/\/people.unica.it\/aulasabiertas\/files\/2017\/04\/4313_0_878566848-k1qD-U43180371083793CdC-1224x916@Corriere-Web-Sezioni-593x443-768x573.jpg 768w, https:\/\/people.unica.it\/aulasabiertas\/files\/2017\/04\/4313_0_878566848-k1qD-U43180371083793CdC-1224x916@Corriere-Web-Sezioni-593x443-1024x764.jpg 1024w\" sizes=\"(max-width: 151px) 100vw, 151px\" \/><\/a><span style=\"font-size: 14pt\">Aulas Abiertas. Seminario permanente di studi linguistici e letterari su America Latina e Caraibi<\/span><\/span> <\/strong>\u00e8 un seminario avanzato di ricerca che utilizza l\u2019aula quale foro naturale di discussione.<\/span><\/p>\n<p style=\"text-align: justify\"><span style=\"font-family: georgia,palatino,serif;font-size: 12pt\">Riunisce periodicamente docenti e ricercatori di universit\u00e0 italiane e straniere per discutere tematiche inerenti gli studi linguistici, letterari e culturali delle aree geografiche indicate.<\/span><\/p>\n<p style=\"text-align: justify\"><span style=\"font-family: georgia,palatino,serif;font-size: 12pt\">Le sessioni, organizzate nella modalit\u00e0 di conversazioni e lezioni aperte, vengono coordinate prevalentemente all\u2019interno dei corsi dei docenti interessati a prender parte al Seminario.<\/span><\/p>\n<p style=\"text-align: justify\"><span style=\"font-family: georgia,palatino,serif;font-size: 12pt\">Oltre alla ricaduta sulla didattica, i benefici del Seminario si riferiscono al rafforzamento della rete interna di ricerca, ai contenuti che si integreranno alle linee di ricerca preesistenti e alla costruzione di cooperazione internazionale per propiziare collaborazioni future tra le istituzioni coinvolte e promuovere programmi di ricerca o didattici competitivi a livello internazionale.<\/span><\/p>\n<p style=\"text-align: justify\"><span style=\"font-family: georgia,palatino,serif;font-size: 12pt\">Referente: <span style=\"color: #0000ff\"><a style=\"color: #0000ff\" href=\"http:\/\/people.unica.it\/mariacristinasecci\/\">M. Cristina Secci<\/a><\/span><\/span><\/p>\n<hr \/>\n<p style=\"text-align: justify\"><span style=\"font-family: georgia,palatino,serif;font-size: 12pt\"><span style=\"color: #0000ff;font-size: 14pt\"><strong>Aulas Abiertas. Seminario permanente de estudios ling\u00fc\u00edsticos y literarios sobre Am\u00e9rica Latina y el Caribe<\/strong> <\/span>es un seminario avanzado de investigaci\u00f3n, que utiliza el aula como foro natural de debate.<\/span><\/p>\n<p style=\"text-align: justify\"><span style=\"font-family: georgia,palatino,serif;font-size: 12pt\">Re\u00fane peri\u00f3dicamente a docentes e investigadores de universidades italiana<a href=\"http:\/\/people.unica.it\/aulasabiertas\/il-seminario\/pilibripiliberi_1_rgb_1000-2\/\" rel=\"attachment wp-att-91\"><img decoding=\"async\" class=\"alignright wp-image-91 \" src=\"http:\/\/people.unica.it\/aulasabiertas\/files\/2017\/04\/PiLibriPiLiberi_1_RGB_1000-2-e1494850824333.jpg\" alt=\"\" width=\"130\" height=\"252\" \/><\/a>s y extranjeras para debatir tem\u00e1ticas inherentes a los estudios ling\u00fc\u00edsticos, literarios y culturales de \u00e1reas geogr\u00e1ficas determinadas.<\/span><\/p>\n<p style=\"text-align: justify\"><span style=\"font-family: georgia,palatino,serif;font-size: 12pt\">Las sesiones, organizadas seg\u00fan la modalidad de conversaciones y lecciones abiertas, son coordinadas principalmente dentro de los cursos de los docentes interesados en tomar parte en el Seminario.<\/span><\/p>\n<p style=\"text-align: justify\"><span style=\"font-family: georgia,palatino,serif;font-size: 12pt\">Adem\u00e1s de la repercusi\u00f3n en la did\u00e1ctica, los beneficios del Seminario se relacionan con reforzamiento de la red interna de investigaci\u00f3n, con los contenidos que se integran a las de investigaci\u00f3n preexistente y con la construcci\u00f3n de la cooperaci\u00f3n internacional para propiciar colaboraciones futuras entre las instituciones involucradas y promover programas de investigaci\u00f3n o did\u00e1cticos a nivel internacional.<\/span><\/p>\n<p style=\"text-align: justify\"><span style=\"font-family: georgia,palatino,serif;font-size: 12pt\">Referente: <span style=\"color: #0000ff\"><a style=\"color: #0000ff\" href=\"http:\/\/people.unica.it\/mariacristinasecci\/\">M. Cristina Secci<\/a><\/span><\/span><\/p>\n<hr \/>\n<p style=\"text-align: justify\"><span style=\"font-family: georgia,palatino,serif;font-size: 12pt\"><span style=\"color: #0000ff;font-size: 14pt\"><strong>Aulas Abiertas. Linguistic and literary permanent Seminar on Latin America and the Caribbean<\/strong><\/span>, is an advanced research seminar which employs the classroom as a natural discussion forum.<\/span><\/p>\n<p style=\"text-align: justify\"><span style=\"font-family: georgia,palatino,serif;font-size: 12pt\">Periodically, lecturers and researchers coming from Italian and foreign universities, join the seminar series to debate issues of linguistic, literary and cultural studies concerning the above-mentioned geographical areas.<\/span><\/p>\n<p style=\"text-align: justify\"><span style=\"font-family: georgia,palatino,serif;font-size: 12pt\">The sessions provide open classes and thought-provoking discussions mainly led by the Lecturers of the courses included in the seminar program. <\/span><\/p>\n<p style=\"text-align: justify\"><span style=\"font-family: georgia,palatino,serif;font-size: 12pt\"><a href=\"http:\/\/people.unica.it\/aulasabiertas\/il-seminario\/images\/\" rel=\"attachment wp-att-112\"><img decoding=\"async\" class=\" wp-image-112 alignleft\" src=\"http:\/\/people.unica.it\/aulasabiertas\/files\/2017\/04\/images.jpg\" alt=\"\" width=\"103\" height=\"103\" srcset=\"https:\/\/people.unica.it\/aulasabiertas\/files\/2017\/04\/images.jpg 120w, https:\/\/people.unica.it\/aulasabiertas\/files\/2017\/04\/images-96x96.jpg 96w, https:\/\/people.unica.it\/aulasabiertas\/files\/2017\/04\/images-24x24.jpg 24w, https:\/\/people.unica.it\/aulasabiertas\/files\/2017\/04\/images-36x36.jpg 36w, https:\/\/people.unica.it\/aulasabiertas\/files\/2017\/04\/images-48x48.jpg 48w, https:\/\/people.unica.it\/aulasabiertas\/files\/2017\/04\/images-64x64.jpg 64w\" sizes=\"(max-width: 103px) 100vw, 103px\" \/><\/a>The main aims of the seminar are to bring benefits to the educational system, reinforce the University inner net of research, incorporate the contents of each session into the previous research programs, promote international cooperation and possible partnerships between each institution involved, as well as the creation of research and didactic programs competitive at an international level. <\/span><\/p>\n<p><span style=\"font-family: georgia,palatino,serif;font-size: 12pt\">Contact person: <span style=\"color: #0000ff\"><a style=\"color: #0000ff\" href=\"http:\/\/people.unica.it\/mariacristinasecci\/\">M. Cristina Secci<\/a><\/span><\/span><\/p>\n","protected":false},"excerpt":{"rendered":"<p>Aulas Abiertas. Seminario permanente di studi linguistici e letterari su America Latina e Caraibi \u00e8 un seminario avanzato di ricerca che utilizza l\u2019aula quale foro naturale di discussione. Riunisce periodicamente docenti e ricercatori di universit\u00e0 italiane e straniere per discutere tematiche inerenti gli studi linguistici, letterari e culturali delle aree geografiche indicate. Le sessioni, organizzate nella modalit\u00e0 di conversazioni e lezioni aperte, vengono coordinate prevalentemente all\u2019interno dei corsi dei docenti interessati a prender parte al Seminario. Oltre alla ricaduta sulla didattica, i benefici del Seminario si riferiscono al rafforzamento della rete interna di ricerca, ai contenuti che si integreranno alle <a href='https:\/\/people.unica.it\/aulasabiertas\/' class='excerpt-more'>[&#8230;]<\/a><\/p>\n","protected":false},"author":643,"featured_media":0,"parent":0,"menu_order":0,"comment_status":"closed","ping_status":"closed","template":"","meta":{"footnotes":""},"class_list":["post-10","page","type-page","status-publish","hentry","post-seq-1","post-parity-odd","meta-position-corners","fix"],"_links":{"self":[{"href":"https:\/\/people.unica.it\/aulasabiertas\/wp-json\/wp\/v2\/pages\/10","targetHints":{"allow":["GET"]}}],"collection":[{"href":"https:\/\/people.unica.it\/aulasabiertas\/wp-json\/wp\/v2\/pages"}],"about":[{"href":"https:\/\/people.unica.it\/aulasabiertas\/wp-json\/wp\/v2\/types\/page"}],"author":[{"embeddable":true,"href":"https:\/\/people.unica.it\/aulasabiertas\/wp-json\/wp\/v2\/users\/643"}],"replies":[{"embeddable":true,"href":"https:\/\/people.unica.it\/aulasabiertas\/wp-json\/wp\/v2\/comments?post=10"}],"version-history":[{"count":19,"href":"https:\/\/people.unica.it\/aulasabiertas\/wp-json\/wp\/v2\/pages\/10\/revisions"}],"predecessor-version":[{"id":309,"href":"https:\/\/people.unica.it\/aulasabiertas\/wp-json\/wp\/v2\/pages\/10\/revisions\/309"}],"wp:attachment":[{"href":"https:\/\/people.unica.it\/aulasabiertas\/wp-json\/wp\/v2\/media?parent=10"}],"curies":[{"name":"wp","href":"https:\/\/api.w.org\/{rel}","templated":true}]}}