{"id":9,"date":"2007-01-19T17:24:32","date_gmt":"2007-01-19T17:24:32","guid":{"rendered":"http:\/\/people.unica.it\/archiviosonoroluisaorru\/documenti-sonori\/"},"modified":"2017-10-20T11:07:17","modified_gmt":"2017-10-20T11:07:17","slug":"documenti-sonori","status":"publish","type":"page","link":"https:\/\/people.unica.it\/archiviosonoroluisaorru\/archivio\/documenti-sonori\/","title":{"rendered":"Documenti sonori"},"content":{"rendered":"<p>Nel 1998 l&#8217;Archivio comprendeva 1161 audiocassette in cui erano registrate 1206 interviste. Dopo la scomparsa di Luisa Orr\u00f9 sono state raccolte e comprese nell&#8217;Archivio altre rilevazioni. <strong>Attualmente l&#8217;Archivio consta di 1282 rilevazioni, registrate in 1218 audiocassette e 25 CD<\/strong>.<\/p>\n<p>L&#8217;Unit\u00e0 Sonora \u00e8 il supporto (audiocassetta o cd) su cui \u00e8 registrato il colloquio.<br \/>\nOgni Unit\u00e0 Sonora dell&#8217;Archivio \u00e8 inventariata con la sigla <strong>USO<\/strong>, Unit\u00e0Sonora Originale o con la sigla <strong>USR<\/strong>, Unit\u00e0 Sonora Riversata, se si tratta di un duplicato. Alla sigla si aggiunge una numerazione progressiva, che dipende dall&#8217;ordine di accesso in Archivio.<\/p>\n<p>L&#8217;Unit\u00e0 di Rilevazione, indicata con la sigla <strong>UR<\/strong>, \u00e8 il colloquio che un rilevatore ha avuto con un informatore. La UR \u00e8 inventariata con numerazione progressiva. <em>Colloqui registrati con un informatore in giorni diversi o anche in ore diverse dello stesso giorno, ad es. la mattina e la sera, sono considerate UR, unit\u00e0 di rilevazione, differenti<\/em> (Luisa Orr\u00f9).<\/p>\n<p>Una Unit\u00e0 Sonora pu\u00f2 contenere:<\/p>\n<ul>\n<li>Una sola Unit\u00e0 di Rilevazione<\/li>\n<li>Pi\u00f9 di una Unit\u00e0 di Rilevazione<\/li>\n<li>Una parte di una Unit\u00e0 di Rilevazione<\/li>\n<\/ul>\n","protected":false},"excerpt":{"rendered":"<p>Nel 1998 l&#8217;Archivio comprendeva 1161 audiocassette in cui erano registrate 1206 interviste. Dopo la scomparsa di Luisa Orr\u00f9 sono state raccolte e comprese nell&#8217;Archivio altre rilevazioni. Attualmente l&#8217;Archivio consta di 1282 rilevazioni, registrate in 1218 audiocassette e 25 CD. L&#8217;Unit\u00e0 Sonora \u00e8 il supporto (audiocassetta o cd) su cui \u00e8 registrato il colloquio. Ogni Unit\u00e0 Sonora dell&#8217;Archivio \u00e8 inventariata con la sigla USO, Unit\u00e0Sonora Originale o con la sigla USR, Unit\u00e0 Sonora Riversata, se si tratta di un duplicato. Alla sigla si aggiunge una numerazione progressiva, che dipende dall&#8217;ordine di accesso in Archivio. L&#8217;Unit\u00e0 di Rilevazione, indicata con la sigla <a href='https:\/\/people.unica.it\/archiviosonoroluisaorru\/archivio\/documenti-sonori\/' class='excerpt-more'>[&#8230;]<\/a><\/p>\n","protected":false},"author":34,"featured_media":0,"parent":4,"menu_order":0,"comment_status":"closed","ping_status":"closed","template":"","meta":{"footnotes":""},"class_list":["post-9","page","type-page","status-publish","hentry","category-143-id","post-seq-1","post-parity-odd","meta-position-corners","fix"],"_links":{"self":[{"href":"https:\/\/people.unica.it\/archiviosonoroluisaorru\/wp-json\/wp\/v2\/pages\/9","targetHints":{"allow":["GET"]}}],"collection":[{"href":"https:\/\/people.unica.it\/archiviosonoroluisaorru\/wp-json\/wp\/v2\/pages"}],"about":[{"href":"https:\/\/people.unica.it\/archiviosonoroluisaorru\/wp-json\/wp\/v2\/types\/page"}],"author":[{"embeddable":true,"href":"https:\/\/people.unica.it\/archiviosonoroluisaorru\/wp-json\/wp\/v2\/users\/34"}],"replies":[{"embeddable":true,"href":"https:\/\/people.unica.it\/archiviosonoroluisaorru\/wp-json\/wp\/v2\/comments?post=9"}],"version-history":[{"count":1,"href":"https:\/\/people.unica.it\/archiviosonoroluisaorru\/wp-json\/wp\/v2\/pages\/9\/revisions"}],"predecessor-version":[{"id":210,"href":"https:\/\/people.unica.it\/archiviosonoroluisaorru\/wp-json\/wp\/v2\/pages\/9\/revisions\/210"}],"up":[{"embeddable":true,"href":"https:\/\/people.unica.it\/archiviosonoroluisaorru\/wp-json\/wp\/v2\/pages\/4"}],"wp:attachment":[{"href":"https:\/\/people.unica.it\/archiviosonoroluisaorru\/wp-json\/wp\/v2\/media?parent=9"}],"curies":[{"name":"wp","href":"https:\/\/api.w.org\/{rel}","templated":true}]}}