{"id":84,"date":"2007-02-22T18:48:59","date_gmt":"2007-02-22T18:48:59","guid":{"rendered":"http:\/\/people.unica.it\/archiviosonoroluisaorru\/news\/ciclo-riproduttivobiografie-di-ostetriche\/"},"modified":"2017-10-20T11:20:28","modified_gmt":"2017-10-20T11:20:28","slug":"ciclo-riproduttivobiografie-di-ostetriche","status":"publish","type":"page","link":"https:\/\/people.unica.it\/archiviosonoroluisaorru\/news\/ciclo-riproduttivobiografie-di-ostetriche\/","title":{"rendered":"Ciclo riproduttivo\/Biografie di ostetriche"},"content":{"rendered":"<!--[if lt IE 9]><script>document.createElement('audio');<\/script><![endif]-->\n<audio class=\"wp-audio-shortcode\" id=\"audio-84-1\" preload=\"none\" style=\"width: 100%;\" controls=\"controls\"><source type=\"audio\/mpeg\" src=\"http:\/\/people.unica.it\/archiviosonoroluisaorru\/files\/\/home\/people\/wp-content\/blogs.dir\/52\/files\/\/2007\/10\/07-traccia-07-1.mp3?_=1\" \/><a href=\"http:\/\/people.unica.it\/archiviosonoroluisaorru\/files\/\/home\/people\/wp-content\/blogs.dir\/52\/files\/\/2007\/10\/07-traccia-07-1.mp3\">http:\/\/people.unica.it\/archiviosonoroluisaorru\/files\/\/home\/people\/wp-content\/blogs.dir\/52\/files\/\/2007\/10\/07-traccia-07-1.mp3<\/a><\/audio>\n<p><strong>I.<\/strong> Lei, vuol sapere da quando mi sono diplomata?<br \/>\n<strong>R.<\/strong> S\u00ec&#8230;<br \/>\n<strong>I.<\/strong> Vero? Ecco. Io, ho fatto: &#8217;32, &#8217;33, &#8217;34; tre anni, di corso, allora, si faceva!<br \/>\n<strong>R.<\/strong> Di scuola&#8230;<br \/>\n<strong>I.<\/strong> Non \u00e8 come adesso, ne fanno di pi\u00f9! Adesso, ma perch\u00e9 c&#8217;\u00e8 penicellina&#8230;, c&#8217;\u00e8&#8230; allora non esisteva tutte queste cose! Eeeeh&#8230; per\u00f2. Avevamo&#8230; infine, la responsabilit\u00e0, era tutta nostra!<br \/>\n<strong>R.<\/strong> Certo.<br \/>\n<strong>I.<\/strong> Non \u00e8 come oggi! Che partoriscono in clinica! Eeh, io, ho dovuto subire&#8230; tante cose! La prima, appena diplomata, avida, di&#8230; di fare subito il servizio, partii a Paulilatino! A Paulilatino! Io, mai sentito in vita mia! Quando sono scesa, vidi un omettino <em>tottu allichiriu beni, beni<\/em> (ride), <em>e d&#8217;appu nau: &#8220;neriri<\/em>! Signore, <em>de aundi \u00e8, fustetti<\/em>?&#8221; &#8220;<em>De Paulilatino.&#8221; &#8220;<\/em><em>E mera, ci oliri, a andai a sa bidda<\/em>?&#8221;\u00a0<em>Ha nau<\/em>: &#8220;eh, <em>unus binti minutus<\/em>, <em>a pei<\/em><strong>.&#8221;<\/strong> Buonanotte! (ridono) Buona&#8230; <em>c&#8217;\u00e8 de camminai<\/em>.. &#8220;<em>E fustetti, chin&#8217;\u00e8?&#8221;<\/em> &#8220;S<em>&#8216;interramortusu<\/em>.&#8221;\u00a0&#8220;Ih! &#8221; <em>Appu nau:<\/em> (parla ridendo) &#8220;<em>Vostra signora mia<\/em>! <em>Gi d&#8217;appu fattu<\/em>, <em>su primu incontru<\/em>! <em>Su interramortu<\/em>!&#8221;\u00a0Ma invece, mi ha portato bene, perch\u00e9 grazie a Dio, di l\u00ec, \u00a0poi iiih sa! in paese, l\u00e0, a Paulilatino, la gente, aveva preso una simpatia, grande! Sa, ero giovane! Eehm poi, esperta! Nel servizio! E le attendevo con coscienza! Soprattutto molta religione!<br \/>\n[&#8230;]<br \/>\n<strong>R.<\/strong> E quindi, a Paulilatino, quanti anni \u00e8 rimasta?<br \/>\n<strong>I.<\/strong> No! A Paulilatino, son rimasta, dal &#8217;34, infine, un, un anno non ce l&#8217;ho fatto. Non ce l&#8217;ho fatto a Paulilatino. A Ghilarza, invece, iiih son&#8230; nel &#8217;36 vinsi la condotta di Serdiana e concorsi, a Serdiana, Soleminis, tutte frazioni! Pensi! Ho avuto condotte con delle frazioni<strong>.<\/strong> Perch\u00e9 a, a Ghilarza, avevo: Ghilarza, capoluogo, Sodd\u00ec, Zuri, Boroneddu, Tadasuni; avevo da sgobbare. Eh ero giovane!&#8230;<br \/>\n<strong>R.<\/strong> E come si spostava, da un paese all&#8217;altro?<br \/>\n<strong>F.<\/strong> A piedi!<br \/>\n<strong>I.<\/strong> Ih&#8230; da un paese all&#8217;altro. Chiedevo: il cav&#8230; c&#8217;era il dottore , che aveva la cavalla; &#8220;Eh &#8211; dice &#8211; signora, lei, \u00e8 cittadina!&#8221; &#8220;Perch\u00e9?&#8221; &#8220;Perch\u00e9, che se no, dopo&#8230; prima vado io a fare le visite, agli ammalati, e poi, le lascerei la cavalla!&#8221; &#8220;La lasci, che son nata in mezzo ai cavalli, io!&#8221; Che mio babbo era proprietario di cavalli e di carrozze! Avevamo anche la carrozza mortuaria! I Land\u00f2s allora si usavano <em>is Land\u00f2s <\/em>(tossisce); eehm e allora, lui mi lasciava la cavalla, io, insellavo la cavalla, e andavo!<\/p>\n<p><strong>Cagliari, 14 aprile 1992, UR 546 &#8211; USO 407, lato A<br \/>\n<\/strong><strong>Rilevatrice: Fulvia Putzolu<br \/>\n<\/strong><strong>Informatrice: Giovanna, ostetrica di Cagliari, nata nel 1905<br \/>\n<\/strong><strong>Persone presenti durante l&#8217;intervista: Figlio dell&#8217;informatrice (F)<\/strong><\/p>\n","protected":false},"excerpt":{"rendered":"<p>I. Lei, vuol sapere da quando mi sono diplomata? R. S\u00ec&#8230; I. Vero? Ecco. Io, ho fatto: &#8217;32, &#8217;33, &#8217;34; tre anni, di corso, allora, si faceva! R. Di scuola&#8230; I. Non \u00e8 come adesso, ne fanno di pi\u00f9! Adesso, ma perch\u00e9 c&#8217;\u00e8 penicellina&#8230;, c&#8217;\u00e8&#8230; allora non esisteva tutte queste cose! Eeeeh&#8230; per\u00f2. Avevamo&#8230; infine, la responsabilit\u00e0, era tutta nostra! R. Certo. I. Non \u00e8 come oggi! Che partoriscono in clinica! Eeh, io, ho dovuto subire&#8230; tante cose! La prima, appena diplomata, avida, di&#8230; di fare subito il servizio, partii a Paulilatino! A Paulilatino! Io, mai sentito in vita mia! <a href='https:\/\/people.unica.it\/archiviosonoroluisaorru\/news\/ciclo-riproduttivobiografie-di-ostetriche\/' class='excerpt-more'>[&#8230;]<\/a><\/p>\n","protected":false},"author":34,"featured_media":0,"parent":24,"menu_order":0,"comment_status":"closed","ping_status":"closed","template":"","meta":{"footnotes":""},"class_list":["post-84","page","type-page","status-publish","hentry","category-143-id","post-seq-1","post-parity-odd","meta-position-corners","fix"],"_links":{"self":[{"href":"https:\/\/people.unica.it\/archiviosonoroluisaorru\/wp-json\/wp\/v2\/pages\/84","targetHints":{"allow":["GET"]}}],"collection":[{"href":"https:\/\/people.unica.it\/archiviosonoroluisaorru\/wp-json\/wp\/v2\/pages"}],"about":[{"href":"https:\/\/people.unica.it\/archiviosonoroluisaorru\/wp-json\/wp\/v2\/types\/page"}],"author":[{"embeddable":true,"href":"https:\/\/people.unica.it\/archiviosonoroluisaorru\/wp-json\/wp\/v2\/users\/34"}],"replies":[{"embeddable":true,"href":"https:\/\/people.unica.it\/archiviosonoroluisaorru\/wp-json\/wp\/v2\/comments?post=84"}],"version-history":[{"count":2,"href":"https:\/\/people.unica.it\/archiviosonoroluisaorru\/wp-json\/wp\/v2\/pages\/84\/revisions"}],"predecessor-version":[{"id":238,"href":"https:\/\/people.unica.it\/archiviosonoroluisaorru\/wp-json\/wp\/v2\/pages\/84\/revisions\/238"}],"up":[{"embeddable":true,"href":"https:\/\/people.unica.it\/archiviosonoroluisaorru\/wp-json\/wp\/v2\/pages\/24"}],"wp:attachment":[{"href":"https:\/\/people.unica.it\/archiviosonoroluisaorru\/wp-json\/wp\/v2\/media?parent=84"}],"curies":[{"name":"wp","href":"https:\/\/api.w.org\/{rel}","templated":true}]}}