{"id":72,"date":"2007-02-22T18:45:17","date_gmt":"2007-02-22T18:45:17","guid":{"rendered":"http:\/\/people.unica.it\/archiviosonoroluisaorru\/carnevale\/"},"modified":"2017-10-20T11:19:06","modified_gmt":"2017-10-20T11:19:06","slug":"carnevale","status":"publish","type":"page","link":"https:\/\/people.unica.it\/archiviosonoroluisaorru\/news\/carnevale\/","title":{"rendered":"Carnevale"},"content":{"rendered":"<!--[if lt IE 9]><script>document.createElement('audio');<\/script><![endif]-->\n<audio class=\"wp-audio-shortcode\" id=\"audio-72-1\" preload=\"none\" style=\"width: 100%;\" controls=\"controls\"><source type=\"audio\/mpeg\" src=\"http:\/\/people.unica.it\/archiviosonoroluisaorru\/files\/\/home\/people\/wp-content\/blogs.dir\/52\/files\/\/2007\/03\/carnevale.mp3?_=1\" \/><a href=\"http:\/\/people.unica.it\/archiviosonoroluisaorru\/files\/\/home\/people\/wp-content\/blogs.dir\/52\/files\/\/2007\/03\/carnevale.mp3\">http:\/\/people.unica.it\/archiviosonoroluisaorru\/files\/\/home\/people\/wp-content\/blogs.dir\/52\/files\/\/2007\/03\/carnevale.mp3<\/a><\/audio>\n<p><font face=\"Times New Roman\"><strong>R<\/strong>. Quando iniziava poi il Carnevale, a Aidomaggiore?<br \/>\n<\/font><font face=\"Times New Roman\"><strong>I.<\/strong> Beh l&#8217;inizio, proprio inizio, diciamo che i soci, <em>sos sotzios<\/em>, usiamo in tutti i paesi, diciamo, in zona, si costituivano di solito per Sant&#8217;Antonio, <em>po&#8217; sa tuva<\/em>, <em>su sotziu &#8216;e sa tuva<\/em> eh&#8230; allora da l\u00ec si iniziava a riunirsi, e si&#8230; si ballava per Sant&#8217;Antonio, naturalmente, si faceva spuntino, porcetto, agnello ecc. e <em>binu a nastru<\/em> e poi si iniziavano allora i balli. Cominciavano magari a casa di quello che organizzava prima <em>su sotziu e&#8217;<\/em> <em>sa tuva<\/em> e poi magari se non c&#8217;era lo spazio sufficiente, si cercava una ca&#8230; magari un&#8217;altra sala pi\u00f9\u00b9 spaziosa, pi\u00f9 accogliente magari di questa. E allora si formava proprio <em>su sotziu<\/em> definitivo. E cos\u00ec\u00ac da una domenica all&#8217;altra cominciavano, si cominciava il carnevale. E poi l&#8217;inizio ufficiale del carnevale, diciamo, per tutto il paese, allora c&#8217;era la Candelora, <em>Santa Maria &#8216;e Candelas<\/em>.<br \/>\n<\/font><font face=\"Times New Roman\"><strong>R.<\/strong> Ah! il 2 di febbraio.<br \/>\n<\/font><font face=\"Times New Roman\"><strong>I.<\/strong> Il 2 di febbraio, s\u00ec. Infatti, sia perch\u00e9, dall&#8217;inizio, da Sant&#8217;Antonio, cio\u00e8\u00a8 che forse da.. dalla Candelora si diceva <em>carrasegare bassu<\/em> o <em>carrasegare artu<\/em> a seconda della cadenza della Pasqua: se era ad aprile inoltrato oppure addirittura a marzo, allora carnevale corto, <em>carrasegare bassu<\/em>, <em>carrasegare artu<\/em>, lungo, <em>carrasegare bassu<\/em>, corto. E cos\u00ec appunto, poi per la candelora poi allora si iniziavano i balli in piazza.<br \/>\n<\/font><font face=\"Times New Roman\"><strong>R<\/strong>. Aha per la candelora i balli in piazza.<br \/>\n<\/font><font face=\"Times New Roman\"><strong>I<\/strong>. Ecco, quello l\u00e0, dicevo, che dicevo, l&#8217;inizio ufficiale del carnevale perch\u00e9 allora <em>si ballaiat(a)<\/em> in <em>su carruzu<\/em> in piazza<\/font><\/p>\n<p><strong><font face=\"Times New Roman\">Aidomaggiore, 2 dicembre 1989, UR 278 &#8211; USO 230, lato A<br \/>\n<\/font><\/strong><strong><font face=\"Times New Roman\">R. Marcello Marras<br \/>\n<\/font><\/strong><strong><font face=\"Times New Roman\">I. Filiberto, nato nel 1932<\/font><\/strong><\/p>\n","protected":false},"excerpt":{"rendered":"<p>R. Quando iniziava poi il Carnevale, a Aidomaggiore? I. Beh l&#8217;inizio, proprio inizio, diciamo che i soci, sos sotzios, usiamo in tutti i paesi, diciamo, in zona, si costituivano di solito per Sant&#8217;Antonio, po&#8217; sa tuva, su sotziu &#8216;e sa tuva eh&#8230; allora da l\u00ec si iniziava a riunirsi, e si&#8230; si ballava per Sant&#8217;Antonio, naturalmente, si faceva spuntino, porcetto, agnello ecc. e binu a nastru e poi si iniziavano allora i balli. Cominciavano magari a casa di quello che organizzava prima su sotziu e&#8217; sa tuva e poi magari se non c&#8217;era lo spazio sufficiente, si cercava una ca&#8230; <a href='https:\/\/people.unica.it\/archiviosonoroluisaorru\/news\/carnevale\/' class='excerpt-more'>[&#8230;]<\/a><\/p>\n","protected":false},"author":34,"featured_media":0,"parent":24,"menu_order":0,"comment_status":"closed","ping_status":"closed","template":"","meta":{"footnotes":""},"class_list":["post-72","page","type-page","status-publish","hentry","category-143-id","post-seq-1","post-parity-odd","meta-position-corners","fix"],"_links":{"self":[{"href":"https:\/\/people.unica.it\/archiviosonoroluisaorru\/wp-json\/wp\/v2\/pages\/72","targetHints":{"allow":["GET"]}}],"collection":[{"href":"https:\/\/people.unica.it\/archiviosonoroluisaorru\/wp-json\/wp\/v2\/pages"}],"about":[{"href":"https:\/\/people.unica.it\/archiviosonoroluisaorru\/wp-json\/wp\/v2\/types\/page"}],"author":[{"embeddable":true,"href":"https:\/\/people.unica.it\/archiviosonoroluisaorru\/wp-json\/wp\/v2\/users\/34"}],"replies":[{"embeddable":true,"href":"https:\/\/people.unica.it\/archiviosonoroluisaorru\/wp-json\/wp\/v2\/comments?post=72"}],"version-history":[{"count":2,"href":"https:\/\/people.unica.it\/archiviosonoroluisaorru\/wp-json\/wp\/v2\/pages\/72\/revisions"}],"predecessor-version":[{"id":231,"href":"https:\/\/people.unica.it\/archiviosonoroluisaorru\/wp-json\/wp\/v2\/pages\/72\/revisions\/231"}],"up":[{"embeddable":true,"href":"https:\/\/people.unica.it\/archiviosonoroluisaorru\/wp-json\/wp\/v2\/pages\/24"}],"wp:attachment":[{"href":"https:\/\/people.unica.it\/archiviosonoroluisaorru\/wp-json\/wp\/v2\/media?parent=72"}],"curies":[{"name":"wp","href":"https:\/\/api.w.org\/{rel}","templated":true}]}}