{"id":41,"date":"2007-02-11T17:18:43","date_gmt":"2007-02-11T17:18:43","guid":{"rendered":"http:\/\/people.unica.it\/archiviosonoroluisaorru\/corsi\/"},"modified":"2017-10-20T11:17:39","modified_gmt":"2017-10-20T11:17:39","slug":"corsi","status":"publish","type":"page","link":"https:\/\/people.unica.it\/archiviosonoroluisaorru\/luisa-orru\/corsi\/","title":{"rendered":"Corsi"},"content":{"rendered":"<p align=\"center\"><strong>UNIVERSITA DEGLI STUDI DI CAGLIARI<\/strong><\/p>\n<p align=\"center\"><strong>FACOLTA&#8217; DI LETTERE E FILOSOFIA<\/strong><\/p>\n<p align=\"center\"><strong>Corsi di Antropologia Culturale <\/strong><br \/>\n<strong>prof.ssa Luisa Orr\u00f9<\/strong><\/p>\n<p><strong>Anno Accademico 1986-1987<\/strong><\/p>\n<p>a. parte istituzionale:<\/p>\n<p>A. M. Cirese, <em>Cultura egemonica e culture subalterne<\/em>, Palermo, Palombo 1973<\/p>\n<p><strong>b. corso monografico: &#8216;L&#8217;antropologia della nascita&#8217;<\/strong><\/p>\n<p>B. Jordan, <em>La nascita in quattro culture. Atteggiamenti e pratiche ostetriche a confronto<\/em>, Milano, EMME Edizioni 1983<\/p>\n<p>AA. VV., <em>Le culture del parto<\/em>, Milano, Feltrinelli 1985<\/p>\n<p>Una tra le seguenti opere:<\/p>\n<p>C. Colombo, F. Pizzini, A. Regalia, <em>Mettere al mondo. La produzione sociale del parto<\/em>, Milano, Franco Angeli 1984<\/p>\n<p>C. Pancino, <em>Il bambino e l&#8217;acqua sporca. Storia dell&#8217;assistenza al parto dalle mammane alle ostetriche (secoli XVI-XIX)<\/em>, Milano, Franco Angeli 1984<\/p>\n<p>c. seminario: Avviamento ad un&#8217;inchiesta sul campo sul ciclo riproduttivo in Sardegna<\/p>\n<p>AA VV., <em>Il parto tra passato e presente: gesto e parola<\/em>, Cagliari, La Tarantola Edizioni 1986<\/p>\n<p>L. Orr\u00f9, <em>Stato della documentazione e prospettive di ricerca sul ciclo riproduttivo in Sardegna<\/em>, in &#8220;BRADS&#8221;, n. 12-13, 1984-1986, pp. 17-37<\/p>\n<p><strong>Anno Accademico 1987-1988<\/strong><\/p>\n<p><strong>b. corso monografico: &#8220;Documenti orali sul ciclo riproduttivo: problemi di rilevamento, ordinamento, analisi&#8221;<br \/>\n<\/strong><br \/>\n<strong>Anno Accademico 1988-1989<\/strong><\/p>\n<p>a. parte istituzionale:<\/p>\n<p>A. M. Cirese, <em>Cultura egemonica e culture subalterne<\/em>, Palermo, Palumbo 1973<\/p>\n<p>R. Cresswell, <em>Elementi di etnologia<\/em>, Bologna, Il Mulino 1981, limitatamente al cap. VIII, Lingue e ideologie, pp. 361-445<\/p>\n<p><strong>b. corso monografico: &#8220;Fonti orali e autobiografie nella ricerca storica e socio-antropologica&#8221;<\/strong><\/p>\n<p>1) <em>Scritti su fonti orali, ricerca storica e demo-antropologica<\/em>, Dispensa I, Cagliari, CUEC a.a. 1987-1988<\/p>\n<p>2) <em>Scritti su soggettivit\u00e0 , autobiografia e scienze sociali<\/em>, Dispensa II, Cagliari, CUEC a.a. 1987-1988<\/p>\n<p>3) F. Ferrarotti, <em>Storia e storie di vita<\/em>, Bari, Laterza 1981<\/p>\n<p>4) Un testo a scelta tra i seguenti:<br \/>\nR. Scotellaro, <em>L&#8217;uva puttanella. Contadini del Sud<\/em>, Roma-Bari, Laterza 1975<br \/>\nG. Bosio, <em>Il trattore di Acquanegra. Piccola e grande storia in una comunit\u00e0 contadina<\/em>, a cura di C. Bermani, Bari , De Donato 1981<br \/>\nD. Montaldi, <em>Autobiografia della leggera<\/em>, Torino, Einaudi 1971<br \/>\nD. Montaldi, <em>Militanti politici di base<\/em>, Torino, Einaudi 1971<br \/>\nN. Revelli, <em>L&#8217;anello forte. La donna: storie di vita contadina<\/em>, Torino, Eianudi 1985<br \/>\nL. Passerini, <em>Torino operaia e fascismo<\/em>, Roma-Bari, Laterza 1984<br \/>\nU. Tommasini, <em>L&#8217;anarchico triestino<\/em>, a cura di C. Venza, Milano, Edizioni Antistato 1984<br \/>\nA. Rivera, <em>Vita di Amelia. Un&#8217;autobiografia tra oralit\u00e0 e scrittura<\/em>, Mandria, Lacaita 1984<br \/>\nA. Portelli, <em>Biografia di una citt\u00e0 . Storia e racconto: Terni 1830-1985<\/em>, Torino, Einaudi 1985<br \/>\nA. Bravo e D. Jalla (a cura di), <em>La vita offesa. Storia e memoria dei Lager nazisti nei racconti di duecento sopravvissuti<\/em>, Milano, Franco Angeli 1986<br \/>\nV. Di Piazza-D. Mugnaini, <em>Io so&#8217; nata a santa Lucia. Il racconto autobiografico di una donna toscana tra mondo contadino e societ\u00e0 d&#8217;oggi<\/em>, Castelfiorentino, Societ\u00e0 Storica della Valdelsa 1988<\/p>\n<p>c. seminario:<\/p>\n<p>Presentazione dei testi segnalati al punto b. 4<\/p>\n<p><strong><br \/>\nAnno Accademico 1989-1990<\/strong><\/p>\n<p>a. parte istituzionale:<\/p>\n<p>P. Mercier, <em>Storia dell&#8217;antropologia<\/em>, Bologna, Il Mulino 1982<\/p>\n<p><strong>b. corso monografico: &#8220;Antropologia della salute e della malattia&#8221;<\/strong><\/p>\n<p>M. Aug\u00e9 e C. Herzlich, <em>Il senso del male<\/em>, Milano, Il Saggiatore 1986<\/p>\n<p>C. Cosmacini, <em>Storia della medicina e della sanit\u00e0 in Italia<\/em>, Bari, Laterza 1987<\/p>\n<p>c. seminario<\/p>\n<p>Per gli studenti frequentati &#8211; \u00e8 richiesta una frequenza non saltuaria e una partecipazione attiva &#8211; verranno organizzati seminari su &#8220;Le piante medicinali nella tradizione popolare sarda&#8221;.<br \/>\nNel corso dei lavori verranno fornite le basi per impostare, effettuare inchieste sul campo, presentare e analizzare i dati raccolti.<\/p>\n<p>Gli studenti non frequentanti, oltre ai testi indicati ai punti a e b, dovranno presentare all&#8217;esame uno dei seguenti testi:<\/p>\n<p>J. Le Goff E J. C. Sournia, <em>Per una storia delle malattie<\/em>, Bari, Edizioni Dedalo 1986<\/p>\n<p><em>Materiali per lo studio del parto e del ciclo riproduttivo<\/em>, dispensa 1987-1988, Cagliari CUEC<\/p>\n<p><strong>Anno Accademico 1990-1991<\/strong><\/p>\n<p>a. parte istituzionale:<\/p>\n<p>P. Mercier, <em>Storia dell&#8217;antropologia<\/em>, Bologna, Il Mulino 1982<\/p>\n<p>S. Puccini, <em>Evoluzionismo e positivismo nell&#8217;antropologia italiana (1869-1911)<\/em>, in AA. VV., <em>L&#8217;antropologia italiana. Un secolo di storia<\/em>, Bari, Laterza 1985, pp. 97-148<\/p>\n<p><strong>b. corso monografico: &#8220;Medicina popolare e storia della medicina&#8221;<\/strong><\/p>\n<p>1. G. Cosmacini, <em>Storia della medicina e della sanit\u00e0 in Italia<\/em>, Bari, Laterza 1987<\/p>\n<p>2. Z. Zanetti, <em>La medicina delle nostre donne<\/em>, a cura di R. Trabalza, con un saggio introduttivo di A. M. Cirese, Foligno, Ediclio editrice 1978, (I ed. 1892)<\/p>\n<p>3. Il fascicolo della rivista &#8220;Lares&#8221; (a. VI), n. 4, dicembre 1931, XIV, pp. 245-291) sulla medicina popolare<\/p>\n<p>4. <em>La medicina popolare in Italia<\/em>, numero 8 della rivista &#8220;La Ricerca Folklorica&#8221;, Brescia, Grafo edizioni 1983, pp. 2-143<\/p>\n<p>c. seminario<\/p>\n<p>Per gli studenti frequentanti seminari su &#8220;Le piante nella tradizione popolare sarda: problemi relativi alla collezione e al trattamento dei dati&#8221;<\/p>\n<p><strong>Anno Accademico 1991-1992<\/strong><\/p>\n<p>a. parte istituzionale:<\/p>\n<p>P. Mercier, <em>Storia dell&#8217;antropologia<\/em>, Bologna, Il Mulino 1988<\/p>\n<p><strong>b. corso monografico: &#8220;Ostetriche condotte e medicalizzazione del parto e del ciclo riproduttivo in Sardegna&#8221;<\/strong><\/p>\n<p>1) La gestione tradizionale del parto e la medicina: approcci disciplinari e approdi conoscitivi differenti:<\/p>\n<p>B. Jordan, <em>La nascita in quattro culture. Atteggiamenti e pratiche ostetriche a<br \/>\nconfronto<\/em>, Milano, EMME Edizioni 1983<\/p>\n<p>E. Schorter, <em>Storia del corpo femminile<\/em>, Milano, Feltrinelli 1988<\/p>\n<p>2) Ricerche storiche e demo-socio-antropologiche su medici e ostetriche in Italia e in Sardegna:<\/p>\n<p>a) G. Cosmacini, <em>L&#8217;igiene e il medico di famiglia<\/em>, in P. Melograni (a cura di), <em>La famiglia italiana dall&#8217;Ottocento a oggi<\/em>, Roma-Bari, Editori Laterza 1988, pp. 589-627<\/p>\n<p>b) G. Tore, <em>Medici e societ\u00e0 : la difficile ascesa del ceto professionale (sec. XVI-XIX)<\/em><br \/>\nG. Tore, <em>Dalla societ\u00e0 rurale alla societ\u00e0 borghese: igiene ambiente e salute nella Sardegna post-unitaria<\/em><br \/>\nG. Murgia, <em>Medicina e societ\u00e0 rurale: le condotte sanitarie nella Sardegna carlo-albertina<\/em><br \/>\nI tre saggi sono editi nel volume curato da C. Valenti E G. Tore, <em>Salute e societ\u00e0 -Sicilia e Sardegna (sec. XVI-XX)<\/em>, Udine, Casamassima 1988, alle pp. 255-285; 318-331; 349-359<\/p>\n<p>c) L. Orr\u00f9, F. Putzolu (a cura di), <em>Ostetriche condotte e medicalizzazione del parto e del ciclo riproduttivo in Sardegna<\/em>, dispense<\/p>\n<p>Gli studenti che seguiranno le lezioni e parteciperanno attivamente ai seminari saranno dispensati dal presentare all&#8217;esame i saggi indicati ai punti a e b della parte B2. Gli studenti non frequentanti dovranno presentare all&#8217;esame uno dei seguenti testi:<\/p>\n<p>G. Cosmacini, <em>Storia della medicina e della sanit\u00e0 in Italia<\/em>, Bari, Laterza 1987<\/p>\n<p><em>Materiali per lo studio del parto e del ciclo riproduttivo<\/em>, Dispense a. a. 1987-1988, Cagliari, CUEC<\/p>\n<p><strong>Anno Accademico 1993-1994<\/strong><\/p>\n<p>a. parte istituzionale:<\/p>\n<p>A scelta uno dei seguenti manuali:<br \/>\nP. Mercier, <em>Storia dell&#8217;antropologia<\/em>, Bologna, Il Mulino 1982<br \/>\nM. Harris, <em>Antropologia culturale<\/em>, Bologna, Zanichelli 1990<\/p>\n<p><strong>b. corso monografico: &#8220;Antropologia e igiene&#8221;<\/strong><\/p>\n<p>V. L. Grottanelli, <em>La cura del corpo e il vestiario<\/em>, in <em>Etnologica. L&#8217;uomo e la civilt\u00e0 <\/em>, a cura di V. L. Grottanelli, Milano, LABOR 1965, vol. II, pp. 12-99<\/p>\n<p>V. Lanternari, <em>Sensi<\/em>, in <em>Enciclopedia<\/em>, Torino, Einaudi 1981, pp. 730-765<\/p>\n<p>A scelta i testi segnalati al punto 1 o 2:<br \/>\n1. G. Vigarello, <em>Lo sporco e il pulito<\/em>, Venezia, Marsilio 1987<br \/>\nA. Corbin, <em>Storia sociale degli odori<\/em>, Milano, Mondadori 1986<\/p>\n<p>2. N. Elias, <em>Il processo di civilizzazione<\/em>, Bologna, Il Mulino 1992 (in particolare: <em>Introduzione all&#8217;edizione italiana <\/em>di A. Roversi, pp. 10-40; la prima parte dell&#8217;opera, <em>La civilt\u00e0 delle buone maniere<\/em>, compresa, l&#8217;Introduzione, pp. 43-257; della seconda parte dell&#8217;opera, <em>Potere e civilt\u00e0 <\/em>, il pr. <em>Per una storia della civilizzazione<\/em>, pp. 639-758)<\/p>\n<p>Gli studenti che durante l&#8217;anno seguiranno le lezioni e parteciperanno ai lavori seminariali di ricerca su tematiche connesse all&#8217;argomento del corso monografico verranno dispensati dal presentare all&#8217;esame una parte del programma concordata con la docente.<\/p>\n<p><strong><br \/>\nAnno Accademico 1994-1995<\/strong><\/p>\n<p>a. parte istituzionale:<\/p>\n<p>M. Harris, <em>Antropologia culturale<\/em>, Bologna, Zanichelli 1990<\/p>\n<p><strong>b. corso monografico: &#8220;Fecondit\u00e0 , sterilit\u00e0: rappresentazioni e pratiche&#8221;<\/strong><\/p>\n<p>1. I seguenti saggi di F. Heritier:<br \/>\n<em>Famiglia<\/em>, in <em>Enciclopedia<\/em>, 6, Torino, Einaudi 1979, pp. 3-16<br \/>\n<em>Fecondit\u00e0 e sterilit\u00e0 : la trasposizione di questi concetti in campo ideologico allo stadio prescientifico<\/em>, in E. Sullerot (a cura di), <em>Il fenomeno donna<\/em>, Firenze, Sansoni 1978, pp. 359-369<br \/>\n<em>Sterilit\u00e0 , aridit\u00e0 , siccit\u00e0 . Qualche invariante del pensiero simbolico<\/em>, in M. Aug\u00e9 e C. Herzlich (a cura di), <em>Il senso del male. Antropologia, storia e sociologia della malattia<\/em>, Milano, Il Saggiatore 1986, pp. 115-144<br \/>\n<em>L&#8217;identit\u00e0 Samo<\/em>, in <em>L&#8217;identit\u00e0 . Seminario diretto da Claude Levi Strauss<\/em>, Palermo, Sellerio 1980, pp. 50 &#8211; 68<\/p>\n<p>2. L. Thatcher Ulrich, <em>La storia di una levatrice<\/em>, Parma, Guanda 1994<\/p>\n<p>3. L. Orr\u00f9 e F. Putzolu (a cura di), <em>Parto e nascita in Sardegna. Tradizione, medicalizzazione, ospedalizzazione<\/em>, Cagliari, CUEC 1994<\/p>\n<p>4. R. Lionetti, <em>Latte di padre. Vitalit\u00e0 , contesti, livelli di lettura di un motivo folklorico<\/em>, Brescia, Grafo Edizioni 1984<\/p>\n<p>5. A scelta uno dei seguenti testi:<br \/>\nM. Sbis\u00e0 (a cura di), <em>Come sapere il parto. Storia, scenari, linguaggi<\/em>, Torino, Rosenberg &amp; Sellier 1992<br \/>\nV. Maher (a cura di), <em>Il latte materno. Condizionamenti culturali di un comportamento<\/em>, Torino, Rosenber &amp; Sellier 1992<\/p>\n<p>Gli studenti che durante l&#8217;anno seguiranno le lezioni e parteciperanno ai lavori seminariali di ricerca su tematiche connesse all&#8217;argomento del corso monografico verranno dispensati dal presentare all&#8217;esame una parte del programma concordata con la docente.<\/p>\n<p><strong>Anno Accademico 1995-1996<\/strong><\/p>\n<p>a. parte istituzionale:<\/p>\n<p>M. Harris, <em>Antropologia culturale<\/em>, Bologna, Zanichelli 1990<\/p>\n<p><strong>b. corso monografico, I parte: &#8220;Medicine e magie&#8221;<\/strong><\/p>\n<p>1. J. Beattie, <em>Uomini diversi da noi<\/em>, Bari, Laterza 1972: cap. XII, <em>Il campo del rituale: la magia<\/em>; cap. XIII, <em>Il campo del rituale: la religione<\/em>, pp. 283-333<\/p>\n<p>2. F. Dei, Oltre Frazer, <em>Osservazioni su rapporto magia-scienza<\/em>, in &#8220;La ricerca Flolklorica&#8221;, n. 10, ottobre 1994, pp. 41-48<\/p>\n<p>3. C. Levi Strauss, <em>Antropologia Strutturale<\/em>, Milano, Mondadori 1968: cap. IX, <em>Lo stregone e la sua magia<\/em>, pp. 189-209<\/p>\n<p>4. E. De Martino, <em>Sud e magia<\/em>, Milano, Feltrinelli 1972<\/p>\n<p>5. T. Seppilli (a cura di), <em>Medicine e magie<\/em>, Bergamo, Electa 1989, limitatamente ai saggi di:<br \/>\nI. Signorini, <em>Eziologia folklorica: la &#8220;paura&#8221;, le &#8220;arie&#8221;, il &#8220;malocchio&#8221;<\/em>, pp. 43-48<br \/>\nT. Seppilli, <em>La fattura<\/em>, pp. 49-50<br \/>\nA. M. Di Nola, <em>Le terapie magico-religiose<\/em>, pp. 91-100<\/p>\n<p>6. I. Signorini, A. Lupo, <em>I tre cardini della vita<\/em>, Palermo, Sellerio 1989<\/p>\n<p><strong>c. corso monografico, II parte: &#8220;Medicine e magie in Sardegna&#8221;<\/strong><\/p>\n<p>L. Orr\u00f9 (a cura di), <em>Medicine e magie in Sardegna<\/em>, dispensa, Cagliari, CUEC<\/p>\n<p>A. D. Atzei, L. Orr\u00f9, F. Putzolu, G. Rozzo, T. Usala, <em>Le piante nelle terapie tradizionali. Sardegna sud-occidentale<\/em>, Cagliari, Stef 1994<\/p>\n<p>Gli studenti che durante l&#8217;anno seguiranno le lezioni e parteciperanno ai lavori seminariali di ricerca su tematiche connesse all&#8217;argomento del corso monografico verranno dispensati dal presentare all&#8217;esame una parte del programma concordata con la docente.<\/p>\n<p><strong>Anno Accademico 1996-1997<\/strong><\/p>\n<p>a. parte istituzionale:<\/p>\n<p>M. Harris, <em>Antropologia culturale,<\/em> Bologna, Zanichelli 1990<\/p>\n<p><strong>b. corso monografico: &#8220;Medicine e magie in Sardegna&#8221;<\/strong><\/p>\n<p>1) V. Lantenari, <em>Medicina, magia, religione, valori<\/em>, volume primo, Napoli, Liguori Editore 1992.<\/p>\n<p>2) E. De Martino, <em>La terra del rimorso,<\/em> Milano, Il Saggiatore 1994<\/p>\n<p>3) C. Gallini, <em>La ballerina variopinta. Una festa di guarigione in Sardegna<\/em>, Napoli, Liguori Editore 1988<\/p>\n<p>4) L. Orr\u00f9 (a cura di), <em>Medicine e magie in Sardegna<\/em>, dispense, 2 volumi, Cagliari, CUEC 1996-1997<\/p>\n<p>Gli studenti che seguiranno le lezioni e parteciperanno ai lavori seminariali di ricerca su tematiche connesse all&#8217;argomento del corso monografico verranno dispensati dal presentare all&#8217;esame una parte del programma concordata con la docente.<\/p>\n<p><strong><br \/>\nAnno Accademico 1997-1998<\/strong><\/p>\n<p>a. parte istituzionale:<\/p>\n<p>M. Harris, <em>Antropologia culturale<\/em>, Bologna, Zanichelli 1990<\/p>\n<p><strong>b. corso monografico: &#8220;Descrizioni e interpretazioni del Carnevale&#8221;<\/strong><\/p>\n<p>1) P. Toschi, <em>Le origini del teatro italiano<\/em>, Torino, Boringhieri 1977<\/p>\n<p>2) G. C. Baroja, <em>Il Carnevale<\/em>, Genova, Il Melangolo 1989<\/p>\n<p>3) V. Turner, <em>Dal rito al teatro<\/em>, Bologna, Il Mulino 1966 (cap. I. <em>Dramma e riti di passaggio, lo svago e il lavoro. Saggio di simbologia comparata<\/em>, pp. 49-115).<\/p>\n<p>4) V. Turner, <em>Antropologia della performance<\/em>, Bologna, Il Mulino 1993 (cap. 5 <em>Carnevale a Rio. Dramma dionisiaco in una societ\u00e0 in via di industrializzazione<\/em>, pp. 219-241)<\/p>\n<p>5) P. Clemente, <em>Idee del Carnevale<\/em>, in &#8220;Metamorfosi&#8221;, 7, <em>Il linguaggio il corpo e la festa<\/em>, Milano, Franco Angeli 1983, pp. 11-35<\/p>\n<p>6) L. Orr\u00f9, <em>Maschere e doni, musiche e balli. Carnevale in Sardegna<\/em>, Cagliari CUEC Editrice (in corso di stampa)<\/p>\n","protected":false},"excerpt":{"rendered":"<p>UNIVERSITA DEGLI STUDI DI CAGLIARI FACOLTA&#8217; DI LETTERE E FILOSOFIA Corsi di Antropologia Culturale prof.ssa Luisa Orr\u00f9 Anno Accademico 1986-1987 a. parte istituzionale: A. M. Cirese, Cultura egemonica e culture subalterne, Palermo, Palombo 1973 b. corso monografico: &#8216;L&#8217;antropologia della nascita&#8217; B. Jordan, La nascita in quattro culture. Atteggiamenti e pratiche ostetriche a confronto, Milano, EMME Edizioni 1983 AA. VV., Le culture del parto, Milano, Feltrinelli 1985 Una tra le seguenti opere: C. Colombo, F. Pizzini, A. Regalia, Mettere al mondo. La produzione sociale del parto, Milano, Franco Angeli 1984 C. Pancino, Il bambino e l&#8217;acqua sporca. Storia dell&#8217;assistenza al parto <a href='https:\/\/people.unica.it\/archiviosonoroluisaorru\/luisa-orru\/corsi\/' class='excerpt-more'>[&#8230;]<\/a><\/p>\n","protected":false},"author":34,"featured_media":0,"parent":6,"menu_order":0,"comment_status":"closed","ping_status":"closed","template":"","meta":{"footnotes":""},"class_list":["post-41","page","type-page","status-publish","hentry","category-143-id","post-seq-1","post-parity-odd","meta-position-corners","fix"],"_links":{"self":[{"href":"https:\/\/people.unica.it\/archiviosonoroluisaorru\/wp-json\/wp\/v2\/pages\/41","targetHints":{"allow":["GET"]}}],"collection":[{"href":"https:\/\/people.unica.it\/archiviosonoroluisaorru\/wp-json\/wp\/v2\/pages"}],"about":[{"href":"https:\/\/people.unica.it\/archiviosonoroluisaorru\/wp-json\/wp\/v2\/types\/page"}],"author":[{"embeddable":true,"href":"https:\/\/people.unica.it\/archiviosonoroluisaorru\/wp-json\/wp\/v2\/users\/34"}],"replies":[{"embeddable":true,"href":"https:\/\/people.unica.it\/archiviosonoroluisaorru\/wp-json\/wp\/v2\/comments?post=41"}],"version-history":[{"count":1,"href":"https:\/\/people.unica.it\/archiviosonoroluisaorru\/wp-json\/wp\/v2\/pages\/41\/revisions"}],"predecessor-version":[{"id":224,"href":"https:\/\/people.unica.it\/archiviosonoroluisaorru\/wp-json\/wp\/v2\/pages\/41\/revisions\/224"}],"up":[{"embeddable":true,"href":"https:\/\/people.unica.it\/archiviosonoroluisaorru\/wp-json\/wp\/v2\/pages\/6"}],"wp:attachment":[{"href":"https:\/\/people.unica.it\/archiviosonoroluisaorru\/wp-json\/wp\/v2\/media?parent=41"}],"curies":[{"name":"wp","href":"https:\/\/api.w.org\/{rel}","templated":true}]}}