{"id":14,"date":"2007-01-19T18:23:30","date_gmt":"2007-01-19T18:23:30","guid":{"rendered":"http:\/\/people.unica.it\/archiviosonoroluisaorru\/inchieste\/rilevatori\/"},"modified":"2007-11-20T18:28:46","modified_gmt":"2007-11-20T18:28:46","slug":"rilevatori","status":"publish","type":"page","link":"https:\/\/people.unica.it\/archiviosonoroluisaorru\/inchieste\/rilevatori\/","title":{"rendered":"Rilevatori"},"content":{"rendered":"<p><strong>Una parte della documentazione in Archivio \u00e8 frutto delle inchieste personali che Luisa Orr\u00f9 realizz\u00f2 intervistando levatrici empiriche, ostetriche, donne madri, terapeuti popolari in diverse localit\u00e0 della Sardegna e in particolare nel Sulcis<\/strong>.<\/p>\n<p>Altre rilevazioni sono frutto del lavoro del suo <a href=\"http:\/\/people.unica.it\/archiviosonoroluisaorru\/inchieste\/rilevatori\/pubblicazioni-del-gruppo-di-ricerca\/\">gruppo di ricerca<\/a> di cui facevano parte <strong>Gerolama Rozzo<\/strong>, <strong>Teresa Usala<\/strong>, <strong>Fulvia Putzolu<\/strong> e <strong>Aldo Domenico Atzei<\/strong>. Questo gruppo ha lavorato sino alla scomparsa di Gerolama Rozzo, nel 1994, realizzando interventi di Educazione Sanitaria in diverse scuole dell&#8217;obbligo della provincia di Cagliari e ricerche sul campo. <em>Interventi e ricerca, pur diversi, erano strettamente collegati dallo stile di lavoro collettivo, coordinato in modo che ognuno potesse dare il meglio di s\u00e9 senza costrizioni e noia, con l&#8217;utilizzazione degli audiovisivi, col ricorso, ove opportuno, all&#8217;animazione. Anche nel corso degli interventi di educazione sanitaria non si procedeva se non dopo un minimo di indagine finalizzata alla conoscenza preliminare della cultura sanitaria degli studenti e dell&#8217;ambiente in cui si operava&#8230;<\/em> (Luisa Orr\u00f9).<\/p>\n<p><strong>Infine documenti sonori e cartacei dell&#8217;Archivio sono quelli prodotti in gran numero dagli studenti dei corsi di Antropologia Culturale della Facolt\u00e0 di Lettere e Filosofia dell&#8217;Universit\u00e0 di Cagliari<\/strong>. Introdotti al lavoro di inchiesta sul campo e allo studio delle fonti orali durante le lezioni, circa <strong>150 studenti<\/strong>, la maggior parte di sesso femminile, hanno prodotto la documentazione confluita in Archivio a partire dall&#8217;anno accademico 1986-1987, come parte del lavoro d&#8217;esame o per tesi di laurea. Dopo la laurea alcuni studenti hanno continuato a svolgere attivit\u00e0 di ricerca su tematiche affini a quelle delle inchieste svolte durante il corso di studi <a href=\"http:\/\/people.unica.it\/archiviosonoroluisaorru\/inchieste\/rilevatori\/pubblicazioni-degli-allievi-di-luisa-orru\/\" title=\"vai alle pubblicazioni\">pubblicando saggi e testi<\/a>.<\/p>\n<p><strong>Dal 1998 si \u00e8 continuato a produrre documenti sonori in collaborazione anche con Anna Lecca<\/strong>, professore incaricato di Storia delle tradizioni popolari nella Facolt\u00e0 di Lettere e Filosofia dell&#8217;Universit\u00e0 di Cagliari. Anna Lecca ha coordinato lavori di tesi di studenti che hanno condotto lavori di ordinamento e trascrizione o che, effettuando nuove inchieste, hanno ampliato i materiali cartacei e sonori dell&#8217;Archivio.<\/p>\n","protected":false},"excerpt":{"rendered":"<p>Una parte della documentazione in Archivio \u00e8 frutto delle inchieste personali che Luisa Orr\u00f9 realizz\u00f2 intervistando levatrici empiriche, ostetriche, donne madri, terapeuti popolari in diverse localit\u00e0 della Sardegna e in particolare nel Sulcis. Altre rilevazioni sono frutto del lavoro del suo gruppo di ricerca di cui facevano parte Gerolama Rozzo, Teresa Usala, Fulvia Putzolu e Aldo Domenico Atzei. Questo gruppo ha lavorato sino alla scomparsa di Gerolama Rozzo, nel 1994, realizzando interventi di Educazione Sanitaria in diverse scuole dell&#8217;obbligo della provincia di Cagliari e ricerche sul campo. Interventi e ricerca, pur diversi, erano strettamente collegati dallo stile di lavoro collettivo, <a href='https:\/\/people.unica.it\/archiviosonoroluisaorru\/inchieste\/rilevatori\/' class='excerpt-more'>[&#8230;]<\/a><\/p>\n","protected":false},"author":34,"featured_media":0,"parent":5,"menu_order":0,"comment_status":"closed","ping_status":"open","template":"","meta":{"footnotes":""},"class_list":["post-14","page","type-page","status-publish","hentry","category-143-id","post-seq-1","post-parity-odd","meta-position-corners","fix"],"_links":{"self":[{"href":"https:\/\/people.unica.it\/archiviosonoroluisaorru\/wp-json\/wp\/v2\/pages\/14","targetHints":{"allow":["GET"]}}],"collection":[{"href":"https:\/\/people.unica.it\/archiviosonoroluisaorru\/wp-json\/wp\/v2\/pages"}],"about":[{"href":"https:\/\/people.unica.it\/archiviosonoroluisaorru\/wp-json\/wp\/v2\/types\/page"}],"author":[{"embeddable":true,"href":"https:\/\/people.unica.it\/archiviosonoroluisaorru\/wp-json\/wp\/v2\/users\/34"}],"replies":[{"embeddable":true,"href":"https:\/\/people.unica.it\/archiviosonoroluisaorru\/wp-json\/wp\/v2\/comments?post=14"}],"version-history":[{"count":0,"href":"https:\/\/people.unica.it\/archiviosonoroluisaorru\/wp-json\/wp\/v2\/pages\/14\/revisions"}],"up":[{"embeddable":true,"href":"https:\/\/people.unica.it\/archiviosonoroluisaorru\/wp-json\/wp\/v2\/pages\/5"}],"wp:attachment":[{"href":"https:\/\/people.unica.it\/archiviosonoroluisaorru\/wp-json\/wp\/v2\/media?parent=14"}],"curies":[{"name":"wp","href":"https:\/\/api.w.org\/{rel}","templated":true}]}}