{"id":2563,"date":"2017-07-06T07:42:54","date_gmt":"2017-07-06T07:42:54","guid":{"rendered":"http:\/\/people.unica.it\/archeologiaestoriadellarte\/?page_id=2563"},"modified":"2017-07-07T10:44:40","modified_gmt":"2017-07-07T10:44:40","slug":"orientamento","status":"publish","type":"page","link":"https:\/\/people.unica.it\/archeologiaestoriadellarte\/orientamento\/","title":{"rendered":"Orientamento"},"content":{"rendered":"<p>&nbsp;<\/p>\n<p><a href=\"http:\/\/people.unica.it\/archeologiaestoriadellarte\/files\/2017\/07\/box4_new.jpg\"><img decoding=\"async\" class=\"size-medium wp-image-2569 aligncenter\" src=\"http:\/\/people.unica.it\/archeologiaestoriadellarte\/files\/2017\/07\/box4_new-285x300.jpg\" alt=\"\" width=\"285\" height=\"300\" srcset=\"https:\/\/people.unica.it\/archeologiaestoriadellarte\/files\/2017\/07\/box4_new-285x300.jpg 285w, https:\/\/people.unica.it\/archeologiaestoriadellarte\/files\/2017\/07\/box4_new-768x809.jpg 768w, https:\/\/people.unica.it\/archeologiaestoriadellarte\/files\/2017\/07\/box4_new-250x263.jpg 250w, https:\/\/people.unica.it\/archeologiaestoriadellarte\/files\/2017\/07\/box4_new-2x2.jpg 2w, https:\/\/people.unica.it\/archeologiaestoriadellarte\/files\/2017\/07\/box4_new-24x24.jpg 24w, https:\/\/people.unica.it\/archeologiaestoriadellarte\/files\/2017\/07\/box4_new.jpg 853w\" sizes=\"(max-width: 285px) 100vw, 285px\" \/><\/a><\/p>\n<p>Per affrontare al meglio l\u2019esperienza universitaria e avere un supporto informativo e orientativo durante il percorso di studi, il corso di laurea magistrale in Archeologia e Storia dell&#8217;arte offre ai suoi studenti la consulenza dei Docenti tutor, del Manager didattico e dei Tutor dedicati.<\/p>\n<p>I Tutori dell\u2019orientamento forniscono:<\/p>\n<ul>\n<li>ai futuri studenti, gli strumenti e i servizi per scegliere in maniera consapevole il percorso formativo pi\u00f9 adatto alle proprie esigenze;<\/li>\n<li>agli studenti gi\u00e0 iscritti, agevolano il cammino gi\u00e0 intrapreso indirizzandoli verso scelte pi\u00f9 coerenti col proprio percorso formativo e supportandoli nella risoluzione di problematiche che ostacolano il corretto svolgimento del percorso accademico;<\/li>\n<li>ai Laureati, offrono supporto ai fini della prosecuzione in un percorso di livello superiore a quello gi\u00e0 concluso oppure ai fini dell\u2019ingresso nel mondo del lavoro.<\/li>\n<\/ul>\n<p><a href=\"http:\/\/people.unica.it\/archeologiaestoriadellarte\/files\/2017\/07\/box4_new.jpg\">\u00a0<\/a><\/p>","protected":false},"excerpt":{"rendered":"<p>&nbsp; Per affrontare al meglio l\u2019esperienza universitaria e avere un supporto informativo e orientativo durante il percorso di studi, il corso di laurea magistrale in Archeologia e Storia dell&#8217;arte offre ai suoi studenti la consulenza dei Docenti tutor, del Manager didattico e dei Tutor dedicati. I Tutori dell\u2019orientamento forniscono: ai futuri studenti, gli strumenti e i servizi per scegliere in maniera consapevole il percorso formativo pi\u00f9 adatto alle proprie esigenze; agli studenti gi\u00e0 iscritti, agevolano il cammino gi\u00e0 intrapreso indirizzandoli verso scelte pi\u00f9 coerenti col proprio percorso formativo e supportandoli nella risoluzione di problematiche che ostacolano il corretto svolgimento del <a href='https:\/\/people.unica.it\/archeologiaestoriadellarte\/orientamento\/' class='excerpt-more'>[&#8230;]<\/a><\/p>\n","protected":false},"author":455,"featured_media":0,"parent":0,"menu_order":0,"comment_status":"closed","ping_status":"closed","template":"","meta":{"footnotes":""},"class_list":["post-2563","page","type-page","status-publish","hentry","post-seq-1","post-parity-odd","meta-position-corners","fix"],"_links":{"self":[{"href":"https:\/\/people.unica.it\/archeologiaestoriadellarte\/wp-json\/wp\/v2\/pages\/2563","targetHints":{"allow":["GET"]}}],"collection":[{"href":"https:\/\/people.unica.it\/archeologiaestoriadellarte\/wp-json\/wp\/v2\/pages"}],"about":[{"href":"https:\/\/people.unica.it\/archeologiaestoriadellarte\/wp-json\/wp\/v2\/types\/page"}],"author":[{"embeddable":true,"href":"https:\/\/people.unica.it\/archeologiaestoriadellarte\/wp-json\/wp\/v2\/users\/455"}],"replies":[{"embeddable":true,"href":"https:\/\/people.unica.it\/archeologiaestoriadellarte\/wp-json\/wp\/v2\/comments?post=2563"}],"version-history":[{"count":4,"href":"https:\/\/people.unica.it\/archeologiaestoriadellarte\/wp-json\/wp\/v2\/pages\/2563\/revisions"}],"predecessor-version":[{"id":2572,"href":"https:\/\/people.unica.it\/archeologiaestoriadellarte\/wp-json\/wp\/v2\/pages\/2563\/revisions\/2572"}],"wp:attachment":[{"href":"https:\/\/people.unica.it\/archeologiaestoriadellarte\/wp-json\/wp\/v2\/media?parent=2563"}],"curies":[{"name":"wp","href":"https:\/\/api.w.org\/{rel}","templated":true}]}}