{"id":2445,"date":"2017-06-07T09:44:35","date_gmt":"2017-06-07T09:44:35","guid":{"rendered":"http:\/\/people.unica.it\/archeologiaestoriadellarte\/?page_id=2445"},"modified":"2017-06-07T10:30:32","modified_gmt":"2017-06-07T10:30:32","slug":"prova-finale","status":"publish","type":"page","link":"https:\/\/people.unica.it\/archeologiaestoriadellarte\/chi-siamo\/il-corso\/prova-finale\/","title":{"rendered":"Prova finale"},"content":{"rendered":"<p>Lo studente potr\u00e0 accedere alla prova finale dopo aver superato tutti gli esami e le opportune verifiche, e dopo aver svolto le altre attivit\u00e0 previste sia organizzate sia individuali. La prova finale per il conseguimento della laurea di primo livello (triennale) consister\u00e0 nella discussione di una dissertazione scritta, su un argomento a scelta da concordare con uno dei docenti del CdL. Non saranno richiesti argomenti inediti o esperienze particolarmente innovative, bens\u00ec la chiara esposizione dell\u2019argomento. Attraverso la discussione il candidato dovr\u00e0 dimostrare le abilit\u00e0 metodologiche globalmente acquisite, mediante un\u2019analisi critica anche collocata in un opportuno approfondimento bibliografico. La prova finale potr\u00e0 essere scritta in lingua diversa dall\u2019italiano, ma in tal caso corredata da un riassunto in italiano. All\u2019elaborazione della prova finale deve corrispondere un carico di lavoro congruo al numero di CFU previsto nel Regolamento didattico del Corso di laurea. Il testo avr\u00e0 uno sviluppo preferibilmente compreso fra le 40 e le 60 cartelle di 2000 battute spazi inclusi. L\u2019impostazione dei margini \u00e8 preferibilmente di 4 cm a sinistra (per consentire la rilegatura) e di 3 cm lungo gli altri lati del foglio. Preferibilmente, il carattere da utilizzare \u00e8 il Times New Roman; il corpo 12 punti; l\u2019interlinea 1,5; il testo giustificato. Si consiglia di utilizzare preferibilmente lo stile normale. Le citazioni di parole in lingue diverse dall\u2019italiano andranno in corsivo. Le note dovranno essere collocate a pi\u00e8 di pagina.. L\u2019indice (da collocare all\u2019inizio dello scritto) riporter\u00e0 l\u2019elenco dei capitoli e dei paragrafi, con bibliografia e\/o sitografia alla fine. Quando previste, le immagini potranno essere inserite sia nel testo, sia alla fine dello stesso, in ogni caso numerate e corredate da didascalia con il riferimento alla fonte di provenienza (foto originale o estrapolata da libri o da siti Internet). Il procedimento prevede il caricamento della tesi in formato elettronico, un unico file PDF che non dovr\u00e0 superare la dimensione massima di 50 MB, che sar\u00e0 visibile dal relatore, controrelatore e commissione tesi di laurea. Si rimanda al singolo docente per ulteriori e pi\u00f9 specifiche delucidazioni. Lo svolgimento dell\u2019esame di laurea e la proclamazione finale sono pubblici. Sono garantiti tre appelli distribuiti nell\u2019a.a. Le Commissioni di laurea, nominate dal Presidente della Facolt\u00e0, sono composte da almeno sette membri di norma tra professori e ricercatori. Per ogni prova dovr\u00e0 essere prevista la presenza del primo e del secondo relatore. Nell\u2019ambito della singola Commissione, uno (e uno solo) dei secondi relatori potr\u00e0 essere un cultore della materia, al quale in ogni caso il primo relatore (qualora presenti pi\u00f9 di una prova finale) non potr\u00e0 affidare seconde relazioni in numero superiore al 50%. Nella discussione il laureando dovr\u00e0 sintetizzare contenuti e\/o metodi del suo lavoro e rispondere alle eventuali osservazioni del primo e del secondo relatore e dei membri della Commissione. Il voto di laurea scaturir\u00e0 dalla valutazione collegiale sia dello scritto, sia della discussione, sulla base della media dei voti riportati dallo studente nei singoli esami. Per il voto finale si considera come base la media pesata dei voti ottenuti nelle prove d\u2019esame dei singoli insegnamenti e convertita in cento decimi; agli studenti che si laureano in corso sar\u00e0 aggiunto un punto. Alla media potranno essere aggiunti al massimo 7 punti, su proposta del primo e del secondo relatore. Il conferimento della lode richiede l\u2019unanimit\u00e0 da parte della Commissione.<\/p>","protected":false},"excerpt":{"rendered":"<p>Lo studente potr\u00e0 accedere alla prova finale dopo aver superato tutti gli esami e le opportune verifiche, e dopo aver svolto le altre attivit\u00e0 previste sia organizzate sia individuali. La prova finale per il conseguimento della laurea di primo livello (triennale) consister\u00e0 nella discussione di una dissertazione scritta, su un argomento a scelta da concordare con uno dei docenti del CdL. Non saranno richiesti argomenti inediti o esperienze particolarmente innovative, bens\u00ec la chiara esposizione dell\u2019argomento. Attraverso la discussione il candidato dovr\u00e0 dimostrare le abilit\u00e0 metodologiche globalmente acquisite, mediante un\u2019analisi critica anche collocata in un opportuno approfondimento bibliografico. La prova finale <a href='https:\/\/people.unica.it\/archeologiaestoriadellarte\/chi-siamo\/il-corso\/prova-finale\/' class='excerpt-more'>[&#8230;]<\/a><\/p>\n","protected":false},"author":1816,"featured_media":0,"parent":1236,"menu_order":0,"comment_status":"closed","ping_status":"closed","template":"","meta":{"footnotes":""},"class_list":["post-2445","page","type-page","status-publish","hentry","post-seq-1","post-parity-odd","meta-position-corners","fix"],"_links":{"self":[{"href":"https:\/\/people.unica.it\/archeologiaestoriadellarte\/wp-json\/wp\/v2\/pages\/2445","targetHints":{"allow":["GET"]}}],"collection":[{"href":"https:\/\/people.unica.it\/archeologiaestoriadellarte\/wp-json\/wp\/v2\/pages"}],"about":[{"href":"https:\/\/people.unica.it\/archeologiaestoriadellarte\/wp-json\/wp\/v2\/types\/page"}],"author":[{"embeddable":true,"href":"https:\/\/people.unica.it\/archeologiaestoriadellarte\/wp-json\/wp\/v2\/users\/1816"}],"replies":[{"embeddable":true,"href":"https:\/\/people.unica.it\/archeologiaestoriadellarte\/wp-json\/wp\/v2\/comments?post=2445"}],"version-history":[{"count":2,"href":"https:\/\/people.unica.it\/archeologiaestoriadellarte\/wp-json\/wp\/v2\/pages\/2445\/revisions"}],"predecessor-version":[{"id":2459,"href":"https:\/\/people.unica.it\/archeologiaestoriadellarte\/wp-json\/wp\/v2\/pages\/2445\/revisions\/2459"}],"up":[{"embeddable":true,"href":"https:\/\/people.unica.it\/archeologiaestoriadellarte\/wp-json\/wp\/v2\/pages\/1236"}],"wp:attachment":[{"href":"https:\/\/people.unica.it\/archeologiaestoriadellarte\/wp-json\/wp\/v2\/media?parent=2445"}],"curies":[{"name":"wp","href":"https:\/\/api.w.org\/{rel}","templated":true}]}}