{"id":2388,"date":"2017-05-29T11:09:52","date_gmt":"2017-05-29T11:09:52","guid":{"rendered":"http:\/\/people.unica.it\/archeologiaestoriadellarte\/?page_id=2388"},"modified":"2021-02-24T15:59:17","modified_gmt":"2021-02-24T15:59:17","slug":"orario-lezioni","status":"publish","type":"page","link":"https:\/\/people.unica.it\/archeologiaestoriadellarte\/calendario-e-orari\/orario-lezioni\/orario-lezioni\/","title":{"rendered":"Orario lezioni"},"content":{"rendered":"<p class=\"first-para\">Sulla base del calendario accademico \u00a0e del calendario delle attivit\u00e0 didattiche della Facolt\u00e0, approvati annualmente rispettivamente dal Senato Accademico e dal Consiglio di Facolt\u00e0, il Corso di Studio definisce l\u2019orario delle lezioni, in modo da ottimizzare i tempi di permanenza degli studenti presso le strutture universitarie e conciliare i tempi di studio personali e gli spostamenti da e per la Facolt\u00e0.<\/p>\n<p>La Facolt\u00e0, in un\u2019ottica di armonizzazione delle risorse, raccoglie le richieste dei singoli Corsi di studio, definisce il calendario definitivo e attribuisce a ciascun insegnamento l\u2019aula, in funzione del numero di studenti previsti e della tipologia della lezione.<\/p>\n<ul>\n<li><a href=\"https:\/\/unica.easystaff.it\/AgendaWeb\/\" target=\"_blank\" rel=\"noopener\"><span style=\"color: #0000ff\">Calendario delle attivit\u00e0 didattiche<\/span><\/a><\/li>\n<\/ul>\n<p>I calendari subiscono frequenti variazioni per annullamenti\/spostamenti di orario e\/o aula. Si consiglia dunque di consultare periodicamente i <a href=\"https:\/\/unica.easystaff.it\/AgendaWeb\/\/index.php?_lang=it\" target=\"_blank\" rel=\"noopener\">calendari online.<\/a><\/p>\n<p>Si ricorda che:<\/p>\n<ol>\n<li>la\u00a0<strong>prima settimana<\/strong>\u00a0di marzo le lezioni verranno erogate\u00a0<strong>esclusivamente online<\/strong>;<\/li>\n<li>la\u00a0<strong>seconda settimana<\/strong>\u00a0verr\u00e0 adottata la\u00a0<strong>modalit\u00e0 mista<\/strong>\u00a0per i\u00a0<strong>corsi di laurea magistrale;<\/strong><\/li>\n<li>la\u00a0<strong>terza settimana<\/strong>\u00a0la\u00a0<strong>modalit\u00e0 mista\u00a0<\/strong>verr\u00e0\u00a0 estesa anche ai\u00a0<strong>corsi di laurea triennali<\/strong>\u00a0e\u00a0<strong>magistrali a ciclo unico.<\/strong><\/li>\n<\/ol>\n","protected":false},"excerpt":{"rendered":"<p>Sulla base del calendario accademico \u00a0e del calendario delle attivit\u00e0 didattiche della Facolt\u00e0, approvati annualmente rispettivamente dal Senato Accademico e dal Consiglio di Facolt\u00e0, il Corso di Studio definisce l\u2019orario delle lezioni, in modo da ottimizzare i tempi di permanenza degli studenti presso le strutture universitarie e conciliare i tempi di studio personali e gli spostamenti da e per la Facolt\u00e0. La Facolt\u00e0, in un\u2019ottica di armonizzazione delle risorse, raccoglie le richieste dei singoli Corsi di studio, definisce il calendario definitivo e attribuisce a ciascun insegnamento l\u2019aula, in funzione del numero di studenti previsti e della tipologia della lezione. Calendario <a href='https:\/\/people.unica.it\/archeologiaestoriadellarte\/calendario-e-orari\/orario-lezioni\/orario-lezioni\/' class='excerpt-more'>[&#8230;]<\/a><\/p>\n","protected":false},"author":1816,"featured_media":0,"parent":155,"menu_order":0,"comment_status":"closed","ping_status":"closed","template":"","meta":{"footnotes":""},"class_list":["post-2388","page","type-page","status-publish","hentry","post-seq-1","post-parity-odd","meta-position-corners","fix"],"_links":{"self":[{"href":"https:\/\/people.unica.it\/archeologiaestoriadellarte\/wp-json\/wp\/v2\/pages\/2388","targetHints":{"allow":["GET"]}}],"collection":[{"href":"https:\/\/people.unica.it\/archeologiaestoriadellarte\/wp-json\/wp\/v2\/pages"}],"about":[{"href":"https:\/\/people.unica.it\/archeologiaestoriadellarte\/wp-json\/wp\/v2\/types\/page"}],"author":[{"embeddable":true,"href":"https:\/\/people.unica.it\/archeologiaestoriadellarte\/wp-json\/wp\/v2\/users\/1816"}],"replies":[{"embeddable":true,"href":"https:\/\/people.unica.it\/archeologiaestoriadellarte\/wp-json\/wp\/v2\/comments?post=2388"}],"version-history":[{"count":13,"href":"https:\/\/people.unica.it\/archeologiaestoriadellarte\/wp-json\/wp\/v2\/pages\/2388\/revisions"}],"predecessor-version":[{"id":3231,"href":"https:\/\/people.unica.it\/archeologiaestoriadellarte\/wp-json\/wp\/v2\/pages\/2388\/revisions\/3231"}],"up":[{"embeddable":true,"href":"https:\/\/people.unica.it\/archeologiaestoriadellarte\/wp-json\/wp\/v2\/pages\/155"}],"wp:attachment":[{"href":"https:\/\/people.unica.it\/archeologiaestoriadellarte\/wp-json\/wp\/v2\/media?parent=2388"}],"curies":[{"name":"wp","href":"https:\/\/api.w.org\/{rel}","templated":true}]}}

<p class="first-para">Sulla base del calendario accademico  e del calendario delle attività didattiche della Facoltà, approvati annualmente rispettivamente dal Senato Accademico e dal Consiglio di Facoltà, il Corso di Studio definisce l’orario delle lezioni, in modo da ottimizzare i tempi di permanenza degli studenti presso le strutture universitarie e conciliare i tempi di studio personali e gli spostamenti da e per la Facoltà.</p>
<p>La Facoltà, in un’ottica di armonizzazione delle risorse, raccoglie le richieste dei singoli Corsi di studio, definisce il calendario definitivo e attribuisce a ciascun insegnamento l’aula, in funzione del numero di studenti previsti e della tipologia della lezione.</p>
<ul>
<li><a href="https://unica.easystaff.it/AgendaWeb/" target="_blank" rel="noopener"><span style="color: #0000ff">Calendario delle attività didattiche</span></a></li>
</ul>
<p>I calendari subiscono frequenti variazioni per annullamenti/spostamenti di orario e/o aula. Si consiglia dunque di consultare periodicamente i <a href="https://unica.easystaff.it/AgendaWeb//index.php?_lang=it" target="_blank" rel="noopener">calendari online.</a></p>
<p>Si ricorda che:</p>
<ol>
<li>la <strong>prima settimana</strong> di marzo le lezioni verranno erogate <strong>esclusivamente online</strong>;</li>
<li>la <strong>seconda settimana</strong> verrà adottata la <strong>modalità mista</strong> per i <strong>corsi di laurea magistrale;</strong></li>
<li>la <strong>terza settimana</strong> la <strong>modalità mista </strong>verrà  estesa anche ai <strong>corsi di laurea triennali</strong> e <strong>magistrali a ciclo unico.</strong></li>
</ol>

<p>Sulla base del calendario accademico  e del calendario delle attività didattiche della Facoltà, approvati annualmente rispettivamente dal Senato Accademico e dal Consiglio di Facoltà, il Corso di Studio definisce l’orario delle lezioni, in modo da ottimizzare i tempi di permanenza degli studenti presso le strutture universitarie e conciliare i tempi di studio personali e gli spostamenti da e per la Facoltà. La Facoltà, in un’ottica di armonizzazione delle risorse, raccoglie le richieste dei singoli Corsi di studio, definisce il calendario definitivo e attribuisce a ciascun insegnamento l’aula, in funzione del numero di studenti previsti e della tipologia della lezione. Calendario <a href='https://people.unica.it/archeologiaestoriadellarte/calendario-e-orari/orario-lezioni/orario-lezioni/' class='excerpt-more'>[&#8230;]</a></p>
