{"id":394,"date":"2015-03-09T09:16:53","date_gmt":"2015-03-09T09:16:53","guid":{"rendered":"http:\/\/people.unica.it\/alophis\/?page_id=394"},"modified":"2015-03-16T09:22:00","modified_gmt":"2015-03-16T09:22:00","slug":"ottaviani-alessandro","status":"publish","type":"page","link":"https:\/\/people.unica.it\/alophis\/members\/ottaviani-alessandro\/","title":{"rendered":"Ottaviani Alessandro"},"content":{"rendered":"<p><strong><a href=\"http:\/\/people.unica.it\/alophis\/files\/2015\/03\/Alessandro-Ottaviani.jpg\"><img decoding=\"async\" class=\"alignleft size-full wp-image-426\" src=\"http:\/\/people.unica.it\/alophis\/files\/2015\/03\/Alessandro-Ottaviani.jpg\" alt=\"Alessandro Ottaviani\" width=\"160\" height=\"212\" \/><\/a>\u00a0<\/strong><\/p>\n<p><strong>Short Biography<\/strong><\/p>\n<p>Research fellow in History of science (Italian Scientific Sector 11C2)<\/p>\n<p>1992: laurea in Filologia Classica (a four year course corresponding to a B.A. and \u00a0M.A. in Classical Philology) &#8211; Universit\u00e0 degli Studi di Roma \u201cLa Sapienza\u201d \u2013 \u00a0Faculty of Literature and Philosophy\u201d.<\/p>\n<p>2000: Ph.D. Philosophy (dottorato in \u201cPhilosophy and the History of Ideas\u201d XI ciclo) &#8211; Universit\u00e0 degli studi di Catania, Facolt\u00e0 di Lettere e Filosofia<\/p>\n<p>2005-2009: four years post as visiting research fellow &#8211; Facolt\u00e0 di Scienze matematiche, fisiche e naturali dell\u2019Universit\u00e0 degli Studi di Palermo<\/p>\n<p>&nbsp;<\/p>\n<p><strong>Other research activities<\/strong><\/p>\n<p>1998-1999: research grant at the Istituto Nazionale di Studi sul Rinascimento, Palazzo Strozzi, Firenze.<br \/>\n2000-2003: research grant at the Istituto Universitario Suor Orsola Benincasa di Napoli.<br \/>\n2009-2010: research grants at the Facolt\u00e0 di Lettere e Filosofia of the University of Salerno, Dpt. \u201cScienze dell\u2019Antichit\u00e0\u201d.<\/p>\n<p>Editor of the following titles of the National Edition of Bernardino Telesio\u2019s Opera omnia:<br \/>\na) Bernardino Telesio, De natura iuxta propria principia, Roma, 1565.<br \/>\nb) Bernardino Telesio, De rerum natura iuxta propria principia, Napoli, 1570.<br \/>\nEditor of the following title of the National Edition of Giovan Battista della Porta Opera omnia:<br \/>\nG.B. Della Porta, De Phytognomonica libris octo contenta, Neapoli 1588.<\/p>\n<p>&nbsp;<\/p>\n<p><strong>Research Interests<\/strong><br \/>\n&#8211; History of life sciences<br \/>\n&#8211; History of Antiquarianism and tradition of classics<br \/>\n&#8211; History of Renaissance Philosophy<\/p>\n<p><strong>Publications<\/strong><\/p>\n<p><a href=\"https:\/\/unica-it.academia.edu\/AlessandroOttaviani\">https:\/\/unica-it.academia.edu\/AlessandroOttaviani<\/a><\/p>\n<p><strong>Personal Website<\/strong><br \/>\n<a href=\"http:\/\/people.unica.it\/alessandroottaviani\/\">http:\/\/people.unica.it\/alessandroottaviani\/<\/a><\/p>\n<p><a href=\"https:\/\/unica-it.academia.edu\/AlessandroOttaviani\">https:\/\/unica-it.academia.edu\/AlessandroOttaviani<\/a><\/p>\n<p><strong>Contacts<\/strong><br \/>\nmobile: 0039 348 9345416<br \/>\ne-mail: alessandro.ottaviani@unica.it<\/p>\n","protected":false},"excerpt":{"rendered":"<p>\u00a0 Short Biography Research fellow in History of science (Italian Scientific Sector 11C2) 1992: laurea in Filologia Classica (a four year course corresponding to a B.A. and \u00a0M.A. in Classical Philology) &#8211; Universit\u00e0 degli Studi di Roma \u201cLa Sapienza\u201d \u2013 \u00a0Faculty of Literature and Philosophy\u201d. 2000: Ph.D. Philosophy (dottorato in \u201cPhilosophy and the History of Ideas\u201d XI ciclo) &#8211; Universit\u00e0 degli studi di Catania, Facolt\u00e0 di Lettere e Filosofia 2005-2009: four years post as visiting research fellow &#8211; Facolt\u00e0 di Scienze matematiche, fisiche e naturali dell\u2019Universit\u00e0 degli Studi di Palermo &nbsp; Other research activities 1998-1999: research grant at the Istituto <a href='https:\/\/people.unica.it\/alophis\/members\/ottaviani-alessandro\/' class='excerpt-more'>[&#8230;]<\/a><\/p>\n","protected":false},"author":524,"featured_media":0,"parent":12,"menu_order":95,"comment_status":"closed","ping_status":"closed","template":"","meta":{"footnotes":""},"class_list":["post-394","page","type-page","status-publish","hentry","post-seq-1","post-parity-odd","meta-position-corners","fix"],"_links":{"self":[{"href":"https:\/\/people.unica.it\/alophis\/wp-json\/wp\/v2\/pages\/394","targetHints":{"allow":["GET"]}}],"collection":[{"href":"https:\/\/people.unica.it\/alophis\/wp-json\/wp\/v2\/pages"}],"about":[{"href":"https:\/\/people.unica.it\/alophis\/wp-json\/wp\/v2\/types\/page"}],"author":[{"embeddable":true,"href":"https:\/\/people.unica.it\/alophis\/wp-json\/wp\/v2\/users\/524"}],"replies":[{"embeddable":true,"href":"https:\/\/people.unica.it\/alophis\/wp-json\/wp\/v2\/comments?post=394"}],"version-history":[{"count":6,"href":"https:\/\/people.unica.it\/alophis\/wp-json\/wp\/v2\/pages\/394\/revisions"}],"predecessor-version":[{"id":430,"href":"https:\/\/people.unica.it\/alophis\/wp-json\/wp\/v2\/pages\/394\/revisions\/430"}],"up":[{"embeddable":true,"href":"https:\/\/people.unica.it\/alophis\/wp-json\/wp\/v2\/pages\/12"}],"wp:attachment":[{"href":"https:\/\/people.unica.it\/alophis\/wp-json\/wp\/v2\/media?parent=394"}],"curies":[{"name":"wp","href":"https:\/\/api.w.org\/{rel}","templated":true}]}}